CRAN Package Check Results for Package rMIDAS

Last updated on 2021-12-07 20:52:51 CET.

Flavor Version Tinstall Tcheck Ttotal Status Flags
r-devel-linux-x86_64-debian-clang 0.3.0 9.52 82.83 92.35 NOTE
r-devel-linux-x86_64-debian-gcc 0.3.0 7.36 64.25 71.61 NOTE
r-devel-linux-x86_64-fedora-clang 0.3.0 114.45 NOTE
r-devel-linux-x86_64-fedora-gcc 0.3.0 101.93 NOTE
r-devel-windows-x86_64-new-UL 0.3.0 17.00 127.00 144.00 NOTE
r-devel-windows-x86_64-new-TK 0.3.0 NOTE
r-devel-windows-x86_64-old 0.3.0 14.00 82.00 96.00 NOTE
r-patched-linux-x86_64 0.3.0 8.61 79.71 88.32 NOTE
r-release-linux-x86_64 0.3.0 8.49 81.04 89.53 NOTE
r-release-macos-arm64 0.3.0 NOTE
r-release-macos-x86_64 0.3.0 NOTE
r-release-windows-ix86+x86_64 0.3.0 13.00 103.00 116.00 NOTE
r-oldrel-macos-x86_64 0.3.0 OK
r-oldrel-windows-ix86+x86_64 0.3.0 20.00 105.00 125.00 OK

Additional issues

donttest

Check Details

Version: 0.3.0
Check: LazyData
Result: NOTE
     'LazyData' is specified without a 'data' directory
Flavors: r-devel-linux-x86_64-debian-clang, r-devel-linux-x86_64-debian-gcc, r-devel-linux-x86_64-fedora-clang, r-devel-linux-x86_64-fedora-gcc, r-devel-windows-x86_64-new-UL, r-devel-windows-x86_64-new-TK, r-devel-windows-x86_64-old, r-patched-linux-x86_64, r-release-linux-x86_64, r-release-macos-arm64, r-release-macos-x86_64, r-release-windows-ix86+x86_64