CRAN Package Check Results for Package rFSA

Last updated on 2024-04-14 21:49:35 CEST.

Flavor Version Tinstall Tcheck Ttotal Status Flags
r-devel-linux-x86_64-debian-clang 0.9.6 6.20 67.82 74.02 NOTE
r-devel-linux-x86_64-debian-gcc 0.9.6 6.13 50.06 56.19 NOTE
r-devel-linux-x86_64-fedora-clang 0.9.6 91.37 NOTE
r-devel-linux-x86_64-fedora-gcc 0.9.6 87.51 NOTE
r-devel-windows-x86_64 0.9.6 9.00 68.00 77.00 NOTE
r-patched-linux-x86_64 0.9.6 7.54 63.67 71.21 NOTE
r-release-linux-x86_64 0.9.6 4.54 64.80 69.34 NOTE
r-release-macos-arm64 0.9.6 30.00 NOTE
r-release-macos-x86_64 0.9.6 47.00 NOTE
r-release-windows-x86_64 0.9.6 10.00 75.00 85.00 NOTE
r-oldrel-macos-arm64 0.9.6 25.00 NOTE
r-oldrel-windows-x86_64 0.9.6 9.00 77.00 86.00 NOTE

Check Details

Version: 0.9.6
Check: LazyData
Result: NOTE 'LazyData' is specified without a 'data' directory Flavors: r-devel-linux-x86_64-debian-clang, r-devel-linux-x86_64-debian-gcc, r-devel-linux-x86_64-fedora-clang, r-devel-linux-x86_64-fedora-gcc, r-devel-windows-x86_64, r-patched-linux-x86_64, r-release-linux-x86_64, r-release-macos-arm64, r-release-macos-x86_64, r-release-windows-x86_64, r-oldrel-macos-arm64, r-oldrel-windows-x86_64