Last updated on 2023-03-26 18:54:47 CEST.
Flavor | Version | Tinstall | Tcheck | Ttotal | Status | Flags |
---|---|---|---|---|---|---|
r-devel-linux-x86_64-debian-clang | 1.14.0 | 195.43 | 91.79 | 287.22 | NOTE | |
r-devel-linux-x86_64-debian-gcc | 1.14.0 | 166.12 | 74.13 | 240.25 | NOTE | |
r-devel-linux-x86_64-fedora-clang | 1.14.0 | 456.49 | NOTE | |||
r-devel-linux-x86_64-fedora-gcc | 1.14.0 | 412.29 | NOTE | |||
r-patched-linux-x86_64 | 1.14.0 | 189.22 | 90.23 | 279.45 | NOTE | |
r-release-linux-x86_64 | 1.14.0 | 180.46 | 90.09 | 270.55 | OK | |
r-release-macos-arm64 | 1.14.0 | 111.00 | NOTE | |||
r-release-macos-x86_64 | 1.14.0 | 140.00 | NOTE | |||
r-release-windows-x86_64 | 1.14.0 | 188.00 | 264.00 | 452.00 | OK | |
r-oldrel-macos-arm64 | 1.14.0 | 105.00 | NOTE | |||
r-oldrel-macos-x86_64 | 1.14.0 | 143.00 | NOTE | |||
r-oldrel-windows-ix86+x86_64 | 1.14.0 | 437.00 | 262.00 | 699.00 | NOTE |
Version: 1.14.0
Check: C++ specification
Result: NOTE
Specified C++11: please drop specification unless essential
Flavors: r-devel-linux-x86_64-debian-clang, r-devel-linux-x86_64-debian-gcc, r-devel-linux-x86_64-fedora-clang, r-devel-linux-x86_64-fedora-gcc, r-patched-linux-x86_64
Version: 1.14.0
Check: installed package size
Result: NOTE
installed size is 11.8Mb
sub-directories of 1Mb or more:
libs 10.9Mb
Flavors: r-release-macos-arm64, r-release-macos-x86_64, r-oldrel-macos-arm64, r-oldrel-macos-x86_64, r-oldrel-windows-ix86+x86_64