CRAN Package Check Results for Package rDppDiversity

Last updated on 2021-11-26 19:53:01 CET.

Flavor Version Tinstall Tcheck Ttotal Status Flags
r-devel-linux-x86_64-debian-clang 0.0.2 44.49 27.06 71.55 OK
r-devel-linux-x86_64-debian-gcc 0.0.2 33.95 22.69 56.64 OK
r-devel-linux-x86_64-fedora-clang 0.0.2 121.09 NOTE
r-devel-linux-x86_64-fedora-gcc 0.0.2 96.44 OK
r-devel-windows-x86_64-new-UL 0.0.2 73.00 105.00 178.00 OK
r-devel-windows-x86_64-new-TK 0.0.2 OK
r-devel-windows-x86_64-old 0.0.2 46.00 71.00 117.00 OK
r-patched-linux-x86_64 0.0.2 41.60 27.23 68.83 OK
r-patched-solaris-x86 0.0.2 107.80 OK
r-release-linux-x86_64 0.0.2 OK
r-release-macos-arm64 0.0.2 NOTE
r-release-macos-x86_64 0.0.2 NOTE
r-release-windows-ix86+x86_64 0.0.2 112.00 54.00 166.00 OK
r-oldrel-macos-x86_64 0.0.2 NOTE
r-oldrel-windows-ix86+x86_64 0.0.2 82.00 73.00 155.00 OK

Check Details

Version: 0.0.2
Check: installed package size
Result: NOTE
     installed size is 5.8Mb
     sub-directories of 1Mb or more:
     libs 5.7Mb
Flavors: r-devel-linux-x86_64-fedora-clang, r-release-macos-arm64, r-release-macos-x86_64, r-oldrel-macos-x86_64