CRAN Package Check Results for Package rCBA

Last updated on 2022-10-06 21:50:02 CEST.

Flavor Version Tinstall Tcheck Ttotal Status Flags
r-devel-linux-x86_64-debian-clang 0.4.3 13.35 114.90 128.25 NOTE
r-devel-linux-x86_64-debian-gcc 0.4.3 10.43 85.56 95.99 NOTE
r-devel-linux-x86_64-fedora-clang 0.4.3 158.69 NOTE
r-devel-linux-x86_64-fedora-gcc 0.4.3 152.82 NOTE
r-devel-windows-x86_64 0.4.3 60.00 130.00 190.00 NOTE
r-patched-linux-x86_64 0.4.3 11.81 109.40 121.21 NOTE
r-release-linux-x86_64 0.4.3 10.42 108.03 118.45 NOTE
r-release-macos-arm64 0.4.3 44.00 NOTE
r-release-macos-x86_64 0.4.3 61.00 NOTE
r-release-windows-x86_64 0.4.3 51.00 127.00 178.00 NOTE
r-oldrel-macos-arm64 0.4.3 61.00 NOTE
r-oldrel-macos-x86_64 0.4.3 74.00 NOTE
r-oldrel-windows-ix86+x86_64 0.4.3 25.00 124.00 149.00 NOTE

Check Details

Version: 0.4.3
Check: LazyData
Result: NOTE
     'LazyData' is specified without a 'data' directory
Flavors: r-devel-linux-x86_64-debian-clang, r-devel-linux-x86_64-debian-gcc, r-devel-linux-x86_64-fedora-clang, r-devel-linux-x86_64-fedora-gcc, r-devel-windows-x86_64, r-patched-linux-x86_64, r-release-linux-x86_64, r-release-macos-arm64, r-release-macos-x86_64, r-release-windows-x86_64, r-oldrel-macos-arm64, r-oldrel-macos-x86_64, r-oldrel-windows-ix86+x86_64