CRAN Package Check Results for Package rBiasCorrection

Last updated on 2022-01-26 07:52:56 CET.

Flavor Version Tinstall Tcheck Ttotal Status Flags
r-devel-linux-x86_64-debian-clang 0.3.2 4.91 343.85 348.76 OK
r-devel-linux-x86_64-debian-gcc 0.3.2 3.71 250.93 254.64 OK
r-devel-linux-x86_64-fedora-clang 0.3.2 418.57 OK
r-devel-linux-x86_64-fedora-gcc 0.3.2 410.43 OK
r-devel-windows-x86_64-new-UL 0.3.2 160.00 330.00 490.00 OK
r-devel-windows-x86_64-new-TK 0.3.2 NOTE
r-patched-linux-x86_64 0.3.2 4.04 308.55 312.59 OK
r-release-linux-x86_64 0.3.2 3.54 308.75 312.29 OK
r-release-macos-arm64 0.3.2 OK
r-release-macos-x86_64 0.3.2 OK
r-release-windows-ix86+x86_64 0.3.2 10.00 256.00 266.00 OK
r-oldrel-macos-x86_64 0.3.2 OK
r-oldrel-windows-ix86+x86_64 0.3.2 10.00 288.00 298.00 OK

Check Details

Version: 0.3.2
Check: package dependencies
Result: NOTE
    Package suggested but not available for checking: 'ggpubr'
Flavor: r-devel-windows-x86_64-new-TK