CRAN Package Check Results for Package rBeta2009

Last updated on 2023-06-01 00:59:49 CEST.

Flavor Version Tinstall Tcheck Ttotal Status Flags
r-devel-linux-x86_64-debian-clang 1.0 4.35 21.86 26.21 OK
r-devel-linux-x86_64-debian-gcc 1.0 3.10 17.45 20.55 OK
r-devel-linux-x86_64-fedora-clang 1.0 34.27 NOTE
r-devel-linux-x86_64-fedora-gcc 1.0 31.75 NOTE
r-devel-windows-x86_64 1.0 6.00 45.00 51.00 OK
r-patched-linux-x86_64 1.0 OK
r-release-linux-x86_64 1.0 3.38 21.15 24.53 OK
r-release-macos-arm64 1.0 19.00 OK
r-release-macos-x86_64 1.0 20.00 OK
r-release-windows-x86_64 1.0 6.00 51.00 57.00 OK
r-oldrel-macos-arm64 1.0 17.00 OK
r-oldrel-macos-x86_64 1.0 22.00 OK
r-oldrel-windows-x86_64 1.0 9.00 50.00 59.00 OK

Check Details

Version: 1.0
Check: Rd cross-references
Result: NOTE
    Undeclared packages ‘MCMCpack’, ‘gtools’ in Rd xrefs
Flavor: r-devel-linux-x86_64-fedora-clang

Version: 1.0
Check: compiled code
Result: NOTE
    File ‘rBeta2009/libs/rBeta2009.so’:
     Found no calls to: ‘R_registerRoutines’, ‘R_useDynamicSymbols’
    
    It is good practice to register native routines and to disable symbol
    search.
    
    See ‘Writing portable packages’ in the ‘Writing R Extensions’ manual.
Flavors: r-devel-linux-x86_64-fedora-clang, r-devel-linux-x86_64-fedora-gcc