CRAN Package Check Results for Package rAvis

Last updated on 2021-06-19 01:50:31 CEST.

Flavor Version Tinstall Tcheck Ttotal Status Flags
r-devel-linux-x86_64-debian-clang 0.1.4 10.30 105.56 115.86 NOTE
r-devel-linux-x86_64-debian-gcc 0.1.4 10.13 82.02 92.15 NOTE
r-devel-linux-x86_64-fedora-clang 0.1.4 150.25 NOTE
r-devel-linux-x86_64-fedora-gcc 0.1.4 146.44 NOTE
r-devel-windows-x86_64 0.1.4 21.00 173.00 194.00 NOTE
r-devel-windows-x86_64-gcc10-UCRT 0.1.4 NOTE
r-patched-linux-x86_64 0.1.4 12.23 101.14 113.37 NOTE
r-patched-solaris-x86 0.1.4 224.30 NOTE
r-release-linux-x86_64 0.1.4 11.51 102.24 113.75 NOTE
r-release-macos-arm64 0.1.4 NOTE
r-release-macos-x86_64 0.1.4 NOTE
r-release-windows-ix86+x86_64 0.1.4 35.00 172.00 207.00 NOTE
r-oldrel-macos-x86_64 0.1.4 NOTE
r-oldrel-windows-ix86+x86_64 0.1.4 23.00 180.00 203.00 NOTE

Check Details

Version: 0.1.4
Check: R code for possible problems
Result: NOTE
    .avisApiBusAvanzada: no visible global function definition for
     'read.csv'
    .avisRenderMapAdmin: no visible global function definition for 'points'
    .avisRenderMapAdmin: no visible global function definition for 'rect'
    .avisRenderMapPhysical: no visible global function definition for
     'points'
    avisMap: no visible global function definition for 'par'
    avisMap: no visible global function definition for 'layout'
    Undefined global functions or variables:
     layout par points read.csv rect
    Consider adding
     importFrom("graphics", "layout", "par", "points", "rect")
     importFrom("utils", "read.csv")
    to your NAMESPACE file.
Flavors: r-devel-linux-x86_64-debian-clang, r-devel-linux-x86_64-debian-gcc, r-devel-linux-x86_64-fedora-clang, r-devel-linux-x86_64-fedora-gcc, r-devel-windows-x86_64, r-devel-windows-x86_64-gcc10-UCRT, r-patched-linux-x86_64, r-patched-solaris-x86, r-release-linux-x86_64, r-release-macos-arm64, r-release-macos-x86_64, r-release-windows-ix86+x86_64, r-oldrel-macos-x86_64, r-oldrel-windows-ix86+x86_64