CRAN Package Check Results for Package rADA

Last updated on 2022-09-28 06:54:15 CEST.

Flavor Version Tinstall Tcheck Ttotal Status Flags
r-devel-linux-x86_64-debian-clang 1.1.9 3.36 53.79 57.15 OK
r-devel-linux-x86_64-debian-gcc 1.1.9 3.87 40.29 44.16 OK
r-devel-linux-x86_64-fedora-clang 1.1.9 82.68 NOTE
r-devel-linux-x86_64-fedora-gcc 1.1.9 75.53 NOTE
r-devel-windows-x86_64 1.1.9 15.00 118.00 133.00 NOTE
r-patched-linux-x86_64 1.1.9 5.00 49.96 54.96 OK
r-release-linux-x86_64 1.1.9 3.77 50.03 53.80 OK
r-release-macos-arm64 1.1.9 34.00 NOTE
r-release-macos-x86_64 1.1.9 58.00 NOTE
r-release-windows-x86_64 1.1.9 17.00 97.00 114.00 NOTE
r-oldrel-macos-arm64 1.1.9 40.00 NOTE
r-oldrel-macos-x86_64 1.1.9 50.00 NOTE
r-oldrel-windows-ix86+x86_64 1.1.9 11.00 84.00 95.00 NOTE

Check Details

Version: 1.1.9
Check: installed package size
Result: NOTE
     installed size is 5.7Mb
     sub-directories of 1Mb or more:
     doc 5.5Mb
Flavors: r-devel-linux-x86_64-fedora-clang, r-devel-windows-x86_64, r-release-macos-arm64, r-release-macos-x86_64, r-release-windows-x86_64, r-oldrel-macos-arm64, r-oldrel-macos-x86_64, r-oldrel-windows-ix86+x86_64

Version: 1.1.9
Check: dependencies in R code
Result: NOTE
    Namespaces in Imports field not imported from:
     ‘Hmisc’ ‘car’ ‘dplyr’ ‘grid’ ‘gridExtra’ ‘knitr’ ‘lmerTest’ ‘tidyr’
     All declared Imports should be used.
Flavors: r-devel-linux-x86_64-fedora-clang, r-devel-linux-x86_64-fedora-gcc, r-release-macos-arm64, r-release-macos-x86_64, r-oldrel-macos-arm64, r-oldrel-macos-x86_64