CRAN Package Check Results for Package r4ss

Last updated on 2021-06-24 01:50:32 CEST.

Flavor Version Tinstall Tcheck Ttotal Status Flags
r-devel-linux-x86_64-debian-clang 1.36.1 42.86 193.11 235.97 OK
r-devel-linux-x86_64-debian-gcc 1.36.1 34.92 142.00 176.92 OK
r-devel-linux-x86_64-fedora-clang 1.36.1 291.03 OK
r-devel-linux-x86_64-fedora-gcc 1.36.1 284.49 OK
r-devel-windows-x86_64 1.36.1 65.00 175.00 240.00 OK
r-devel-windows-x86_64-gcc10-UCRT 1.36.1 ERROR
r-patched-linux-x86_64 1.36.1 42.56 188.81 231.37 OK
r-patched-solaris-x86 1.36.1 315.80 OK
r-release-linux-x86_64 1.36.1 40.96 187.48 228.44 OK
r-release-macos-arm64 1.36.1 OK
r-release-macos-x86_64 1.36.1 OK
r-release-windows-ix86+x86_64 1.36.1 56.00 153.00 209.00 OK
r-oldrel-macos-x86_64 1.36.1 OK

Check Details

Version: 1.36.1
Check: package dependencies
Result: ERROR
    Package required but not available: 'kableExtra'
    
    See section 'The DESCRIPTION file' in the 'Writing R Extensions'
    manual.
Flavor: r-devel-windows-x86_64-gcc10-UCRT