CRAN Package Check Results for Package r3PG

Last updated on 2022-01-18 01:52:10 CET.

Flavor Version Tinstall Tcheck Ttotal Status Flags
r-devel-linux-x86_64-debian-clang 0.1.3 28.02 35.44 63.46 OK
r-devel-linux-x86_64-debian-gcc 0.1.3 25.62 28.23 53.85 OK
r-devel-linux-x86_64-fedora-clang 0.1.3 94.60 OK
r-devel-linux-x86_64-fedora-gcc 0.1.3 77.85 OK
r-devel-windows-x86_64-new-UL 0.1.3 53.00 66.00 119.00 OK
r-devel-windows-x86_64-new-TK 0.1.3 NOTE
r-patched-linux-x86_64 0.1.3 27.35 34.20 61.55 OK
r-release-linux-x86_64 0.1.3 OK
r-release-macos-arm64 0.1.3 OK
r-release-macos-x86_64 0.1.3 OK
r-release-windows-ix86+x86_64 0.1.3 68.00 60.00 128.00 OK
r-oldrel-macos-x86_64 0.1.3 OK
r-oldrel-windows-ix86+x86_64 0.1.3 69.00 57.00 126.00 OK

Check Details

Version: 0.1.3
Check: package dependencies
Result: NOTE
    Package suggested but not available for checking: 'BayesianTools'
Flavor: r-devel-windows-x86_64-new-TK