CRAN Package Check Results for Package r2d3

Last updated on 2021-06-21 01:49:30 CEST.

Flavor Version Tinstall Tcheck Ttotal Status Flags
r-devel-linux-x86_64-debian-clang 0.2.5 3.45 39.13 42.58 NOTE
r-devel-linux-x86_64-debian-gcc 0.2.5 2.38 31.10 33.48 NOTE
r-devel-linux-x86_64-fedora-clang 0.2.5 59.47 NOTE
r-devel-linux-x86_64-fedora-gcc 0.2.5 51.06 NOTE
r-devel-windows-x86_64 0.2.5 5.00 52.00 57.00 NOTE
r-devel-windows-x86_64-gcc10-UCRT 0.2.5 NOTE
r-patched-linux-x86_64 0.2.5 3.04 38.07 41.11 NOTE
r-patched-solaris-x86 0.2.5 80.10 NOTE
r-release-linux-x86_64 0.2.5 3.26 37.93 41.19 NOTE
r-release-macos-arm64 0.2.5 NOTE
r-release-macos-x86_64 0.2.5 NOTE
r-release-windows-ix86+x86_64 0.2.5 7.00 60.00 67.00 NOTE
r-oldrel-macos-x86_64 0.2.5 OK

Check Details

Version: 0.2.5
Check: LazyData
Result: NOTE
     'LazyData' is specified without a 'data' directory
Flavors: r-devel-linux-x86_64-debian-clang, r-devel-linux-x86_64-debian-gcc, r-devel-linux-x86_64-fedora-clang, r-devel-linux-x86_64-fedora-gcc, r-devel-windows-x86_64, r-devel-windows-x86_64-gcc10-UCRT, r-patched-linux-x86_64, r-patched-solaris-x86, r-release-linux-x86_64, r-release-macos-arm64, r-release-macos-x86_64, r-release-windows-ix86+x86_64

Version: 0.2.5
Check: package dependencies
Result: NOTE
    Package suggested but not available for checking: 'shinytest'
Flavor: r-devel-windows-x86_64-gcc10-UCRT