Last updated on 2023-02-05 00:55:31 CET.
Flavor | Version | Tinstall | Tcheck | Ttotal | Status | Flags |
---|---|---|---|---|---|---|
r-devel-linux-x86_64-debian-clang | 0.5.2 | 41.84 | 116.30 | 158.14 | NOTE | |
r-devel-linux-x86_64-debian-gcc | 0.5.2 | 31.22 | 83.78 | 115.00 | NOTE | |
r-devel-linux-x86_64-fedora-clang | 0.5.2 | 216.48 | NOTE | |||
r-devel-linux-x86_64-fedora-gcc | 0.5.2 | 193.66 | NOTE | |||
r-devel-windows-x86_64 | 0.5.2 | 143.00 | 183.00 | 326.00 | NOTE | |
r-patched-linux-x86_64 | 0.5.2 | 37.08 | 104.05 | 141.13 | OK | |
r-release-linux-x86_64 | 0.5.2 | 32.47 | 105.14 | 137.61 | OK | |
r-release-macos-arm64 | 0.5.2 | 67.00 | OK | |||
r-release-macos-x86_64 | 0.5.2 | 113.00 | OK | |||
r-release-windows-x86_64 | 0.5.2 | 55.00 | 191.00 | 246.00 | OK | |
r-oldrel-macos-arm64 | 0.5.2 | 89.00 | OK | |||
r-oldrel-macos-x86_64 | 0.5.2 | 92.00 | OK | |||
r-oldrel-windows-ix86+x86_64 | 0.5.2 | 98.00 | 198.00 | 296.00 | OK |
Version: 0.5.2
Check: Rd files
Result: NOTE
checkRd: (-1) qwraps2.Rd:73: Escaped LaTeX specials: \&
Flavors: r-devel-linux-x86_64-debian-clang, r-devel-linux-x86_64-debian-gcc, r-devel-linux-x86_64-fedora-clang, r-devel-linux-x86_64-fedora-gcc, r-devel-windows-x86_64