Last updated on 2023-12-08 06:51:07 CET.
Flavor | Version | Tinstall | Tcheck | Ttotal | Status | Flags |
---|---|---|---|---|---|---|
r-devel-linux-x86_64-debian-clang | 2.2 | 10.40 | 93.75 | 104.15 | NOTE | |
r-devel-linux-x86_64-debian-gcc | 2.2 | 8.88 | 73.48 | 82.36 | NOTE | |
r-devel-linux-x86_64-fedora-clang | 2.2 | 133.25 | NOTE | |||
r-devel-linux-x86_64-fedora-gcc | 2.2 | 127.80 | NOTE | |||
r-devel-windows-x86_64 | 2.2 | 11.00 | 90.00 | 101.00 | NOTE | |
r-patched-linux-x86_64 | 2.2 | 11.37 | 94.92 | 106.29 | OK | |
r-release-linux-x86_64 | 2.2 | 11.17 | 94.97 | 106.14 | OK | |
r-release-macos-arm64 | 2.2 | 47.00 | OK | |||
r-release-macos-x86_64 | 2.2 | 69.00 | OK | |||
r-release-windows-x86_64 | 2.2 | 12.00 | 105.00 | 117.00 | OK | |
r-oldrel-macos-arm64 | 2.2 | 39.00 | OK | |||
r-oldrel-macos-x86_64 | 2.2 | 56.00 | OK | |||
r-oldrel-windows-x86_64 | 2.2 | 12.00 | 108.00 | 120.00 | OK |
Version: 2.2
Check: Rd files
Result: NOTE
checkRd: (-1) qut.Rd:25: Lost braces; missing escapes or markup?
25 | a user supplied \code{glmnet} or {lars} object. Typical usage is to leave it empty so that the program computes the regularization path using the algorithm selected in \code{type}. WARNING: use with care, if supplied, object options must match with user supplied options.
| ^
checkRd: (-1) sigmarcv.Rd:25: Lost braces; missing escapes or markup?
25 | A user supplied \code{glmnet} or {lars} object. Typical usage is to leave it empty so that the program computes the regularization path using the algorithm selected in \code{type}. WARNING: use with care, if supplied, object options must match with user supplied options.
| ^
Flavors: r-devel-linux-x86_64-debian-clang, r-devel-linux-x86_64-debian-gcc
Version: 2.2
Check: Rd metadata
Result: NOTE
Invalid package aliases in Rd file 'qut-package.Rd':
‘QUT-package’
Flavors: r-devel-linux-x86_64-debian-clang, r-devel-linux-x86_64-debian-gcc, r-devel-linux-x86_64-fedora-clang, r-devel-linux-x86_64-fedora-gcc, r-devel-windows-x86_64