CRAN Package Check Results for Package quickPlot

Last updated on 2021-06-24 01:50:31 CEST.

Flavor Version Tinstall Tcheck Ttotal Status Flags
r-devel-linux-x86_64-debian-clang 0.1.6 19.90 185.50 205.40 NOTE
r-devel-linux-x86_64-debian-gcc 0.1.6 17.84 139.43 157.27 NOTE
r-devel-linux-x86_64-fedora-clang 0.1.6 257.12 NOTE
r-devel-linux-x86_64-fedora-gcc 0.1.6 248.42 NOTE
r-devel-windows-x86_64 0.1.6 36.00 184.00 220.00 NOTE
r-devel-windows-x86_64-gcc10-UCRT 0.1.6 NOTE
r-patched-linux-x86_64 0.1.6 25.47 173.71 199.18 NOTE
r-patched-solaris-x86 0.1.6 357.10 NOTE
r-release-linux-x86_64 0.1.6 19.12 173.90 193.02 NOTE
r-release-macos-arm64 0.1.6 NOTE
r-release-macos-x86_64 0.1.6 NOTE
r-release-windows-ix86+x86_64 0.1.6 33.00 180.00 213.00 NOTE
r-oldrel-macos-x86_64 0.1.6 NOTE

Check Details

Version: 0.1.6
Check: package dependencies
Result: NOTE
    Package suggested but not available for checking: 'fastshp'
Flavors: r-devel-linux-x86_64-debian-clang, r-devel-linux-x86_64-debian-gcc, r-devel-linux-x86_64-fedora-clang, r-devel-linux-x86_64-fedora-gcc, r-devel-windows-x86_64, r-patched-linux-x86_64, r-patched-solaris-x86, r-release-linux-x86_64, r-release-macos-arm64, r-release-macos-x86_64, r-release-windows-ix86+x86_64, r-oldrel-macos-x86_64

Version: 0.1.6
Check: package dependencies
Result: NOTE
    Packages suggested but not available for checking: 'covr', 'fastshp'
Flavor: r-devel-windows-x86_64-gcc10-UCRT