CRAN Package Check Results for Package quantmod

Last updated on 2021-07-23 22:53:18 CEST.

Flavor Version Tinstall Tcheck Ttotal Status Flags
r-devel-linux-x86_64-debian-clang 0.4.18 18.03 92.43 110.46 NOTE
r-devel-linux-x86_64-debian-gcc 0.4.18 13.19 67.84 81.03 NOTE
r-devel-linux-x86_64-fedora-clang 0.4.18 137.36 OK
r-devel-linux-x86_64-fedora-gcc 0.4.18 126.71 OK
r-devel-windows-x86_64 0.4.18 20.00 80.00 100.00 OK
r-devel-windows-x86_64-gcc10-UCRT 0.4.18 OK
r-patched-linux-x86_64 0.4.18 16.42 87.10 103.52 NOTE
r-patched-solaris-x86 0.4.18 160.30 OK
r-release-linux-x86_64 0.4.18 13.79 87.74 101.53 NOTE
r-release-macos-arm64 0.4.18 OK
r-release-macos-x86_64 0.4.18 OK
r-release-windows-ix86+x86_64 0.4.18 28.00 84.00 112.00 OK
r-oldrel-macos-x86_64 0.4.18 OK
r-oldrel-windows-ix86+x86_64 0.4.18 29.00 99.00 128.00 OK

Check Details

Version: 0.4.18
Check: R code for possible problems
Result: NOTE
    Found the following calls to attach():
    File 'quantmod/R/attachSymbols.R':
     attach(NULL, pos = pos, name = DB$name)
     attach(NULL, pos = pos, name = DB$name)
    See section 'Good practice' in '?attach'.
Flavors: r-devel-linux-x86_64-debian-clang, r-devel-linux-x86_64-debian-gcc, r-patched-linux-x86_64, r-release-linux-x86_64