CRAN Package Check Results for Package quanteda.textmodels

Last updated on 2021-09-24 01:50:15 CEST.

Flavor Version Tinstall Tcheck Ttotal Status Flags
r-devel-linux-x86_64-debian-clang 0.9.4 130.07 275.38 405.45 OK
r-devel-linux-x86_64-debian-gcc 0.9.4 91.37 215.64 307.01 OK
r-devel-linux-x86_64-fedora-clang 0.9.4 466.35 NOTE
r-devel-linux-x86_64-fedora-gcc 0.9.4 438.18 NOTE
r-devel-windows-x86_64 0.9.4 125.00 317.00 442.00 NOTE
r-devel-windows-x86_64-gcc10-UCRT 0.9.4 NOTE
r-patched-linux-x86_64 0.9.4 109.32 242.43 351.75 OK
r-patched-solaris-x86 0.9.4 955.30 NOTE
r-release-linux-x86_64 0.9.4 103.10 241.18 344.28 OK
r-release-macos-arm64 0.9.4 NOTE
r-release-macos-x86_64 0.9.4 NOTE
r-release-windows-ix86+x86_64 0.9.4 295.00 342.00 637.00 NOTE
r-oldrel-macos-x86_64 0.9.4 NOTE
r-oldrel-windows-ix86+x86_64 0.9.4 216.00 344.00 560.00 NOTE

Check Details

Version: 0.9.4
Check: installed package size
Result: NOTE
     installed size is 10.1Mb
     sub-directories of 1Mb or more:
     data 3.8Mb
     libs 5.9Mb
Flavors: r-devel-linux-x86_64-fedora-clang, r-devel-windows-x86_64, r-patched-solaris-x86, r-release-macos-arm64, r-release-macos-x86_64, r-release-windows-ix86+x86_64, r-oldrel-macos-x86_64, r-oldrel-windows-ix86+x86_64

Version: 0.9.4
Check: data for non-ASCII characters
Result: NOTE
     Note: found 35707 marked UTF-8 strings
Flavors: r-devel-linux-x86_64-fedora-clang, r-devel-linux-x86_64-fedora-gcc, r-devel-windows-x86_64-gcc10-UCRT, r-patched-solaris-x86, r-release-macos-arm64, r-release-macos-x86_64, r-oldrel-macos-x86_64