CRAN Package Check Results for Package qtl2pleio

Last updated on 2022-12-06 06:50:03 CET.

Flavor Version Tinstall Tcheck Ttotal Status Flags
r-devel-linux-x86_64-debian-clang 1.4.3 85.02 123.66 208.68 NOTE
r-devel-linux-x86_64-debian-gcc 1.4.3 68.78 90.83 159.61 NOTE
r-devel-linux-x86_64-fedora-clang 1.4.3 297.63 NOTE
r-devel-linux-x86_64-fedora-gcc 1.4.3 289.68 NOTE
r-devel-windows-x86_64 1.4.3 82.00 177.00 259.00 NOTE
r-patched-linux-x86_64 1.4.3 75.17 118.17 193.34 NOTE
r-release-linux-x86_64 1.4.3 75.30 119.37 194.67 NOTE
r-release-macos-arm64 1.4.3 69.00 NOTE
r-release-macos-x86_64 1.4.3 120.00 NOTE
r-release-windows-x86_64 1.4.3 93.00 182.00 275.00 NOTE
r-oldrel-macos-arm64 1.4.3 77.00 NOTE
r-oldrel-macos-x86_64 1.4.3 98.00 NOTE
r-oldrel-windows-ix86+x86_64 1.4.3 202.00 273.00 475.00 NOTE

Check Details

Version: 1.4.3
Check: LazyData
Result: NOTE
     'LazyData' is specified without a 'data' directory
Flavors: r-devel-linux-x86_64-debian-clang, r-devel-linux-x86_64-debian-gcc, r-devel-linux-x86_64-fedora-clang, r-devel-linux-x86_64-fedora-gcc, r-devel-windows-x86_64, r-patched-linux-x86_64, r-release-linux-x86_64, r-release-macos-arm64, r-release-macos-x86_64, r-release-windows-x86_64, r-oldrel-macos-arm64, r-oldrel-macos-x86_64, r-oldrel-windows-ix86+x86_64

Version: 1.4.3
Check: installed package size
Result: NOTE
     installed size is 16.7Mb
     sub-directories of 1Mb or more:
     libs 16.4Mb
Flavors: r-release-macos-arm64, r-release-macos-x86_64, r-oldrel-macos-arm64, r-oldrel-macos-x86_64