CRAN Package Check Results for Package qtl2

Last updated on 2022-09-29 19:49:03 CEST.

Flavor Version Tinstall Tcheck Ttotal Status Flags
r-devel-linux-x86_64-debian-clang 0.28 845.32 246.47 1091.79 OK
r-devel-linux-x86_64-debian-gcc 0.28 655.05 185.65 840.70 OK
r-devel-linux-x86_64-fedora-clang 0.28 1646.65 NOTE
r-devel-linux-x86_64-fedora-gcc 0.28 1392.67 OK
r-devel-windows-x86_64 0.28 637.00 351.00 988.00 NOTE
r-patched-linux-x86_64 0.28 700.55 230.48 931.03 OK
r-release-linux-x86_64 0.28 702.86 235.82 938.68 OK
r-release-macos-arm64 0.28 352.00 NOTE
r-release-macos-x86_64 0.28 388.00 NOTE
r-release-windows-x86_64 0.28 653.00 354.00 1007.00 NOTE
r-oldrel-macos-arm64 0.28 328.00 NOTE
r-oldrel-macos-x86_64 0.28 380.00 NOTE
r-oldrel-windows-ix86+x86_64 0.28 1970.00 457.00 2427.00 NOTE

Check Details

Version: 0.28
Check: installed package size
Result: NOTE
     installed size is 6.4Mb
     sub-directories of 1Mb or more:
     extdata 3.3Mb
     libs 1.7Mb
Flavors: r-devel-linux-x86_64-fedora-clang, r-devel-windows-x86_64, r-release-macos-arm64, r-release-macos-x86_64, r-release-windows-x86_64, r-oldrel-macos-arm64, r-oldrel-macos-x86_64, r-oldrel-windows-ix86+x86_64