Last updated on 2023-06-08 18:54:24 CEST.
Flavor | Version | Tinstall | Tcheck | Ttotal | Status | Flags |
---|---|---|---|---|---|---|
r-devel-linux-x86_64-debian-clang | 1.60 | 91.86 | 412.09 | 503.95 | OK | |
r-devel-linux-x86_64-debian-gcc | 1.60 | 67.50 | 304.22 | 371.72 | OK | |
r-devel-linux-x86_64-fedora-clang | 1.60 | 624.71 | NOTE | |||
r-devel-linux-x86_64-fedora-gcc | 1.60 | 628.24 | OK | |||
r-devel-windows-x86_64 | 1.60 | 89.00 | 351.00 | 440.00 | NOTE | |
r-patched-linux-x86_64 | 1.60 | 88.21 | 396.66 | 484.87 | OK | |
r-release-linux-x86_64 | 1.60 | 76.46 | 396.72 | 473.18 | OK | |
r-release-macos-arm64 | 1.60 | 161.00 | NOTE | |||
r-release-macos-x86_64 | 1.60 | 426.00 | NOTE | |||
r-release-windows-x86_64 | 1.60 | 91.00 | 423.00 | 514.00 | NOTE | |
r-oldrel-macos-arm64 | 1.60 | 148.00 | NOTE | |||
r-oldrel-macos-x86_64 | 1.60 | 203.00 | NOTE | |||
r-oldrel-windows-x86_64 | 1.60 | 120.00 | 413.00 | 533.00 | NOTE |
Version: 1.60
Check: installed package size
Result: NOTE
installed size is 10.6Mb
sub-directories of 1Mb or more:
R 1.7Mb
contrib 3.8Mb
doc 3.0Mb
Flavors: r-devel-linux-x86_64-fedora-clang, r-devel-windows-x86_64, r-release-macos-arm64, r-release-macos-x86_64, r-release-windows-x86_64, r-oldrel-macos-arm64, r-oldrel-macos-x86_64, r-oldrel-windows-x86_64