CRAN Package Check Results for Package qtl

Last updated on 2022-12-10 07:04:43 CET.

Flavor Version Tinstall Tcheck Ttotal Status Flags
r-devel-linux-x86_64-debian-clang 1.54 86.10 516.82 602.92 WARN
r-devel-linux-x86_64-debian-gcc 1.54 59.89 438.01 497.90 WARN
r-devel-linux-x86_64-fedora-clang 1.54 646.22 WARN
r-devel-linux-x86_64-fedora-gcc 1.54 625.01 WARN
r-devel-windows-x86_64 1.54 234.00 894.00 1128.00 NOTE
r-patched-linux-x86_64 1.54 84.04 388.95 472.99 OK
r-release-linux-x86_64 1.54 76.13 383.87 460.00 OK
r-release-macos-arm64 1.54 129.00 NOTE
r-release-macos-x86_64 1.54 195.00 NOTE
r-release-windows-x86_64 1.54 253.00 512.00 765.00 NOTE
r-oldrel-macos-arm64 1.54 110.00 NOTE
r-oldrel-macos-x86_64 1.54 200.00 NOTE
r-oldrel-windows-ix86+x86_64 1.54 185.00 581.00 766.00 NOTE

Check Details

Version: 1.54
Check: compiled code
Result: WARN
    File 'qtl/libs/qtl.so':
     Found '__sprintf_chk', possibly from 'sprintf' (C)
     Objects: 'hmm_bci.o', 'hmm_bcsft.o', 'hmm_f2i.o', 'hmm_main.o'
    
    Compiled code should not call entry points which might terminate R nor
    write to stdout/stderr instead of to the console, nor use Fortran I/O
    nor system RNGs nor [v]sprintf.
    
    See 'Writing portable packages' in the 'Writing R Extensions' manual.
Flavors: r-devel-linux-x86_64-debian-clang, r-devel-linux-x86_64-debian-gcc, r-devel-linux-x86_64-fedora-gcc

Version: 1.54
Check: installed package size
Result: NOTE
     installed size is 10.6Mb
     sub-directories of 1Mb or more:
     R 1.7Mb
     contrib 3.8Mb
     doc 3.0Mb
Flavors: r-devel-linux-x86_64-fedora-clang, r-devel-windows-x86_64, r-release-macos-arm64, r-release-macos-x86_64, r-release-windows-x86_64, r-oldrel-macos-arm64, r-oldrel-macos-x86_64, r-oldrel-windows-ix86+x86_64

Version: 1.54
Check: compiled code
Result: WARN
    File ‘qtl/libs/qtl.so’:
     Found ‘sprintf’, possibly from ‘sprintf’ (C)
     Objects: ‘hmm_bci.o’, ‘hmm_bcsft.o’, ‘hmm_f2i.o’, ‘hmm_main.o’
    
    Compiled code should not call entry points which might terminate R nor
    write to stdout/stderr instead of to the console, nor use Fortran I/O
    nor system RNGs nor [v]sprintf.
    
    See ‘Writing portable packages’ in the ‘Writing R Extensions’ manual.
Flavor: r-devel-linux-x86_64-fedora-clang