CRAN Package Check Results for Package qrjoint

Last updated on 2021-09-19 13:49:28 CEST.

Flavor Version Tinstall Tcheck Ttotal Status Flags
r-devel-linux-x86_64-debian-clang 2.0-3 17.70 126.21 143.91 OK
r-devel-linux-x86_64-debian-gcc 2.0-3 12.06 95.44 107.50 OK
r-devel-linux-x86_64-fedora-clang 2.0-3 181.60 OK
r-devel-linux-x86_64-fedora-gcc 2.0-3 172.04 OK
r-devel-windows-x86_64 2.0-3 21.00 162.00 183.00 OK
r-devel-windows-x86_64-gcc10-UCRT 2.0-3 ERROR
r-patched-linux-x86_64 2.0-3 16.49 123.70 140.19 OK
r-patched-solaris-x86 2.0-3 275.00 OK
r-release-linux-x86_64 2.0-3 12.83 122.95 135.78 OK
r-release-macos-arm64 2.0-3 OK
r-release-macos-x86_64 2.0-3 OK
r-release-windows-ix86+x86_64 2.0-3 35.00 167.00 202.00 OK
r-oldrel-macos-x86_64 2.0-3 OK
r-oldrel-windows-ix86+x86_64 2.0-3 36.00 174.00 210.00 OK

Check Details

Version: 2.0-3
Check: whether package can be installed
Result: ERROR
    Installation failed.
Flavor: r-devel-windows-x86_64-gcc10-UCRT