CRAN Package Check Results for Package qrNLMM

Last updated on 2021-09-26 19:49:09 CEST.

Flavor Version Tinstall Tcheck Ttotal Status Flags
r-devel-linux-x86_64-debian-clang 3.0 11.54 89.95 101.49 OK
r-devel-linux-x86_64-debian-gcc 3.0 8.51 71.19 79.70 OK
r-devel-linux-x86_64-fedora-clang 3.0 129.59 OK
r-devel-linux-x86_64-fedora-gcc 3.0 125.29 OK
r-devel-windows-x86_64 3.0 18.00 111.00 129.00 OK
r-devel-windows-x86_64-gcc10-UCRT 3.0 OK
r-patched-linux-x86_64 3.0 11.86 87.15 99.01 OK
r-patched-solaris-x86 3.0 181.40 OK
r-release-linux-x86_64 3.0 10.39 87.76 98.15 OK
r-release-macos-arm64 2.2 NOTE
r-release-macos-x86_64 3.0 OK
r-release-windows-ix86+x86_64 3.0 20.00 81.00 101.00 OK
r-oldrel-macos-x86_64 3.0 OK
r-oldrel-windows-ix86+x86_64 2.2 18.00 79.00 97.00 OK

Check Details

Version: 2.2
Check: Rd cross-references
Result: NOTE
    Package unavailable to check Rd xrefs: ‘qrLMM’
Flavor: r-release-macos-arm64