CRAN Package Check Results for Package qrLMM

Last updated on 2021-09-26 19:49:09 CEST.

Flavor Version Tinstall Tcheck Ttotal Status Flags
r-devel-linux-x86_64-debian-clang 2.1 12.77 92.53 105.30 OK
r-devel-linux-x86_64-debian-gcc 2.1 10.75 73.84 84.59 OK
r-devel-linux-x86_64-fedora-clang 2.1 137.30 NOTE
r-devel-linux-x86_64-fedora-gcc 2.1 134.15 OK
r-devel-windows-x86_64 2.1 12.00 79.00 91.00 OK
r-devel-windows-x86_64-gcc10-UCRT 2.1 OK
r-patched-linux-x86_64 2.1 12.85 91.11 103.96 OK
r-patched-solaris-x86 2.1 205.80 OK
r-release-linux-x86_64 2.1 11.47 91.50 102.97 OK
r-release-macos-arm64 2.1 OK
r-release-macos-x86_64 2.1 OK
r-release-windows-ix86+x86_64 2.1 24.00 81.00 105.00 OK
r-oldrel-macos-x86_64 2.1 OK
r-oldrel-windows-ix86+x86_64 2.1 19.00 80.00 99.00 OK

Check Details

Version: 2.1
Check: Rd cross-references
Result: NOTE
    Undeclared package ‘qrNLMM’ in Rd xrefs
Flavor: r-devel-linux-x86_64-fedora-clang