CRAN Package Check Results for Package qdapDictionaries

Last updated on 2024-06-15 00:54:14 CEST.

Flavor Version Tinstall Tcheck Ttotal Status Flags
r-devel-linux-x86_64-debian-clang 1.0.7 4.16 27.17 31.33 OK
r-devel-linux-x86_64-debian-gcc 1.0.7 2.95 21.08 24.03 OK
r-devel-linux-x86_64-fedora-clang 1.0.7 39.06 NOTE
r-devel-linux-x86_64-fedora-gcc 1.0.7 38.24 OK
r-devel-windows-x86_64 1.0.7 5.00 47.00 52.00 OK
r-patched-linux-x86_64 1.0.7 4.47 26.70 31.17 OK
r-release-linux-x86_64 1.0.7 3.79 25.50 29.29 OK
r-release-macos-arm64 1.0.7 18.00 OK
r-release-macos-x86_64 1.0.7 25.00 OK
r-release-windows-x86_64 1.0.7 4.00 47.00 51.00 OK
r-oldrel-macos-arm64 1.0.7 18.00 OK
r-oldrel-macos-x86_64 1.0.7 22.00 OK
r-oldrel-windows-x86_64 1.0.7 6.00 46.00 52.00 OK

Check Details

Version: 1.0.7
Check: Rd cross-references
Result: NOTE Undeclared package ‘qdap’ in Rd xrefs Flavor: r-devel-linux-x86_64-fedora-clang