Last updated on 2023-02-05 00:55:31 CET.
Flavor | Version | Tinstall | Tcheck | Ttotal | Status | Flags |
---|---|---|---|---|---|---|
r-devel-linux-x86_64-debian-clang | 2.4.3 | 45.69 | 291.85 | 337.54 | OK | |
r-devel-linux-x86_64-debian-gcc | 2.4.3 | 32.43 | 209.90 | 242.33 | OK | |
r-devel-linux-x86_64-fedora-clang | 2.4.3 | 435.88 | NOTE | |||
r-devel-linux-x86_64-fedora-gcc | 2.4.3 | 395.19 | OK | |||
r-devel-windows-x86_64 | 2.4.3 | 201.00 | 410.00 | 611.00 | OK | |
r-patched-linux-x86_64 | 2.4.3 | 46.40 | 257.67 | 304.07 | OK | |
r-release-linux-x86_64 | 2.4.3 | 38.42 | 259.91 | 298.33 | OK | |
r-release-macos-arm64 | 2.4.3 | 98.00 | OK | |||
r-release-macos-x86_64 | 2.4.3 | 164.00 | OK | |||
r-release-windows-x86_64 | 2.4.3 | 230.00 | 337.00 | 567.00 | OK | |
r-oldrel-macos-arm64 | 2.4.3 | 148.00 | OK | |||
r-oldrel-macos-x86_64 | 2.4.3 | 202.00 | OK | |||
r-oldrel-windows-ix86+x86_64 | 2.4.3 | 72.00 | 316.00 | 388.00 | OK |
Version: 2.4.3
Check: Rd cross-references
Result: NOTE
Undeclared package ‘gplots’ in Rd xrefs
Flavor: r-devel-linux-x86_64-fedora-clang