CRAN Package Check Results for Package puzzle

Last updated on 2022-10-05 18:49:07 CEST.

Flavor Version Tinstall Tcheck Ttotal Status Flags
r-devel-linux-x86_64-debian-clang 0.0.1 3.27 32.19 35.46 OK
r-devel-linux-x86_64-debian-gcc 0.0.1 2.67 24.89 27.56 OK
r-devel-linux-x86_64-fedora-clang 0.0.1 56.19 NOTE
r-devel-linux-x86_64-fedora-gcc 0.0.1 53.14 NOTE
r-devel-windows-x86_64 0.0.1 20.00 64.00 84.00 OK
r-patched-linux-x86_64 0.0.1 3.16 31.17 34.33 OK
r-release-linux-x86_64 0.0.1 2.62 30.37 32.99 OK
r-release-macos-arm64 0.0.1 17.00 NOTE
r-release-macos-x86_64 0.0.1 31.00 NOTE
r-release-windows-x86_64 0.0.1 27.00 56.00 83.00 OK
r-oldrel-macos-arm64 0.0.1 22.00 NOTE
r-oldrel-macos-x86_64 0.0.1 28.00 NOTE
r-oldrel-windows-ix86+x86_64 0.0.1 13.00 57.00 70.00 OK

Check Details

Version: 0.0.1
Check: dependencies in R code
Result: NOTE
    Namespaces in Imports field not imported from:
     ‘kableExtra’ ‘readr’ ‘tidyverse’
     All declared Imports should be used.
Flavors: r-devel-linux-x86_64-fedora-clang, r-devel-linux-x86_64-fedora-gcc, r-release-macos-arm64, r-release-macos-x86_64, r-oldrel-macos-arm64, r-oldrel-macos-x86_64