CRAN Package Check Results for Package pubtatordb

Last updated on 2022-09-27 00:51:11 CEST.

Flavor Version Tinstall Tcheck Ttotal Status Flags
r-devel-linux-x86_64-debian-clang 0.1.4 2.85 29.97 32.82 NOTE
r-devel-linux-x86_64-debian-gcc 0.1.4 2.09 23.55 25.64 NOTE
r-devel-linux-x86_64-fedora-clang 0.1.4 53.23 NOTE
r-devel-linux-x86_64-fedora-gcc 0.1.4 49.00 NOTE
r-devel-windows-x86_64 0.1.4 5.00 64.00 69.00 NOTE
r-patched-linux-x86_64 0.1.4 2.57 29.73 32.30 NOTE
r-release-linux-x86_64 0.1.4 2.33 29.10 31.43 NOTE
r-release-macos-arm64 0.1.4 19.00 NOTE
r-release-macos-x86_64 0.1.4 31.00 NOTE
r-release-windows-x86_64 0.1.4 24.00 58.00 82.00 NOTE
r-oldrel-macos-arm64 0.1.4 21.00 NOTE
r-oldrel-macos-x86_64 0.1.4 29.00 NOTE
r-oldrel-windows-ix86+x86_64 0.1.4 6.00 55.00 61.00 NOTE

Check Details

Version: 0.1.4
Check: LazyData
Result: NOTE
     'LazyData' is specified without a 'data' directory
Flavors: r-devel-linux-x86_64-debian-clang, r-devel-linux-x86_64-debian-gcc, r-devel-linux-x86_64-fedora-clang, r-devel-linux-x86_64-fedora-gcc, r-devel-windows-x86_64, r-patched-linux-x86_64, r-release-linux-x86_64, r-release-macos-arm64, r-release-macos-x86_64, r-release-windows-x86_64, r-oldrel-macos-arm64, r-oldrel-macos-x86_64, r-oldrel-windows-ix86+x86_64