CRAN Package Check Results for Package ptmixed

Last updated on 2022-06-26 00:51:44 CEST.

Flavor Version Tinstall Tcheck Ttotal Status Flags
r-devel-linux-x86_64-debian-clang 1.1.2 4.49 356.64 361.13 OK
r-devel-linux-x86_64-debian-gcc 1.1.2 3.62 263.58 267.20 OK
r-devel-linux-x86_64-fedora-clang 1.1.2 413.26 OK
r-devel-linux-x86_64-fedora-gcc 1.1.2 427.79 OK
r-devel-windows-x86_64 1.1.2 19.00 384.00 403.00 OK
r-patched-linux-x86_64 1.1.2 3.89 342.52 346.41 OK
r-release-linux-x86_64 1.1.2 4.05 348.96 353.01 OK
r-release-macos-arm64 1.1.2 7.00 ERROR
r-release-macos-x86_64 1.1.2 7.00 ERROR
r-release-windows-x86_64 1.1.2 26.00 372.00 398.00 OK
r-oldrel-macos-arm64 1.1.2 6.00 ERROR
r-oldrel-macos-x86_64 1.1.2 6.00 ERROR
r-oldrel-windows-ix86+x86_64 1.1.2 9.00 393.00 402.00 OK

Check Details

Version: 1.1.2
Check: package dependencies
Result: ERROR
    Package required but not available: ‘tweeDEseq’
    
    See section ‘The DESCRIPTION file’ in the ‘Writing R Extensions’
    manual.
Flavors: r-release-macos-arm64, r-release-macos-x86_64, r-oldrel-macos-arm64, r-oldrel-macos-x86_64