Last updated on 2023-02-09 06:55:39 CET.
Flavor | Version | Tinstall | Tcheck | Ttotal | Status | Flags |
---|---|---|---|---|---|---|
r-devel-linux-x86_64-debian-clang | 1.1.3 | 4.02 | 375.01 | 379.03 | OK | |
r-devel-linux-x86_64-debian-gcc | 1.1.3 | 3.22 | 261.57 | 264.79 | OK | |
r-devel-linux-x86_64-fedora-clang | 1.1.3 | 439.83 | OK | |||
r-devel-linux-x86_64-fedora-gcc | 1.1.3 | 439.97 | OK | |||
r-devel-windows-x86_64 | 1.1.3 | 7.00 | 389.00 | 396.00 | OK | |
r-patched-linux-x86_64 | 1.1.3 | 4.64 | 339.47 | 344.11 | OK | |
r-release-linux-x86_64 | 1.1.3 | 4.06 | 345.72 | 349.78 | OK | |
r-release-macos-arm64 | 1.1.3 | 8.00 | ERROR | |||
r-release-macos-x86_64 | 1.1.3 | 8.00 | ERROR | |||
r-release-windows-x86_64 | 1.1.3 | 17.00 | 404.00 | 421.00 | OK | |
r-oldrel-macos-arm64 | 1.1.3 | 9.00 | ERROR | |||
r-oldrel-macos-x86_64 | 1.1.3 | 11.00 | ERROR | |||
r-oldrel-windows-ix86+x86_64 | 1.1.3 | 10.00 | 390.00 | 400.00 | OK |
Version: 1.1.3
Check: package dependencies
Result: ERROR
Package required but not available: ‘tweeDEseq’
See section ‘The DESCRIPTION file’ in the ‘Writing R Extensions’
manual.
Flavors: r-release-macos-arm64, r-release-macos-x86_64, r-oldrel-macos-arm64, r-oldrel-macos-x86_64