CRAN Package Check Results for Package psymetadata

Last updated on 2024-06-19 00:49:37 CEST.

Flavor Version Tinstall Tcheck Ttotal Status Flags
r-devel-linux-x86_64-debian-clang 1.0.1 2.71 29.45 32.16 OK
r-devel-linux-x86_64-debian-gcc 1.0.1 1.92 19.69 21.61 OK
r-devel-linux-x86_64-fedora-clang 1.0.1 35.53 NOTE
r-devel-linux-x86_64-fedora-gcc 1.0.1 33.83 NOTE
r-devel-windows-x86_64 1.0.1 3.00 44.00 47.00 OK
r-patched-linux-x86_64 1.0.1 2.84 25.65 28.49 OK
r-release-linux-x86_64 1.0.1 2.40 24.70 27.10 OK
r-release-macos-arm64 1.0.1 16.00 OK
r-release-macos-x86_64 1.0.1 23.00 OK
r-release-windows-x86_64 1.0.1 3.00 45.00 48.00 OK
r-oldrel-macos-arm64 1.0.1 17.00 OK
r-oldrel-macos-x86_64 1.0.1 32.00 OK
r-oldrel-windows-x86_64 1.0.1 3.00 45.00 48.00 OK

Check Details

Version: 1.0.1
Check: dependencies in R code
Result: NOTE Namespace in Imports field not imported from: ‘Rdpack’ All declared Imports should be used. Flavors: r-devel-linux-x86_64-fedora-clang, r-devel-linux-x86_64-fedora-gcc

Version: 1.0.1
Check: data for non-ASCII characters
Result: NOTE Note: found 107 marked UTF-8 strings Flavors: r-devel-linux-x86_64-fedora-clang, r-devel-linux-x86_64-fedora-gcc