Last updated on 2023-03-24 06:50:45 CET.
Flavor | Version | Tinstall | Tcheck | Ttotal | Status | Flags |
---|---|---|---|---|---|---|
r-devel-linux-x86_64-debian-clang | 0.4.1 | 9.27 | 234.04 | 243.31 | OK | |
r-devel-linux-x86_64-debian-gcc | 0.4.1 | 7.42 | 165.42 | 172.84 | OK | |
r-devel-linux-x86_64-fedora-clang | 0.4.1 | 306.08 | NOTE | |||
r-devel-linux-x86_64-fedora-gcc | 0.4.1 | 301.48 | NOTE | |||
r-patched-linux-x86_64 | 0.4.1 | 8.83 | 221.57 | 230.40 | OK | |
r-release-linux-x86_64 | 0.4.1 | 8.18 | 217.20 | 225.38 | OK | |
r-release-macos-arm64 | 0.4.1 | 79.00 | NOTE | |||
r-release-macos-x86_64 | 0.4.1 | 103.00 | NOTE | |||
r-release-windows-x86_64 | 0.4.1 | 47.00 | 269.00 | 316.00 | OK | |
r-oldrel-macos-arm64 | 0.4.1 | 80.00 | NOTE | |||
r-oldrel-macos-x86_64 | 0.4.1 | 104.00 | NOTE | |||
r-oldrel-windows-ix86+x86_64 | 0.4.1 | 19.00 | 267.00 | 286.00 | OK |
Version: 0.4.1
Check: dependencies in R code
Result: NOTE
Namespaces in Imports field not imported from:
‘lifecycle’ ‘patchwork’
All declared Imports should be used.
Flavors: r-devel-linux-x86_64-fedora-clang, r-devel-linux-x86_64-fedora-gcc, r-release-macos-arm64, r-release-macos-x86_64, r-oldrel-macos-arm64, r-oldrel-macos-x86_64