CRAN Package Check Results for Package psrwe

Last updated on 2021-11-26 19:53:00 CET.

Flavor Version Tinstall Tcheck Ttotal Status Flags
r-devel-linux-x86_64-debian-clang 1.3 316.39 144.50 460.89 NOTE
r-devel-linux-x86_64-debian-gcc 1.3 279.01 123.10 402.11 NOTE
r-devel-linux-x86_64-fedora-clang 1.3 676.20 NOTE
r-devel-linux-x86_64-fedora-gcc 1.3 724.83 NOTE
r-devel-windows-x86_64-new-UL 1.3 382.00 299.00 681.00 NOTE
r-devel-windows-x86_64-new-TK 1.3 NOTE
r-devel-windows-x86_64-old 1.3 330.00 268.00 598.00 NOTE
r-patched-linux-x86_64 1.3 271.92 116.20 388.12 NOTE
r-patched-solaris-x86 1.3 669.30 NOTE
r-release-linux-x86_64 1.3 NOTE
r-release-macos-arm64 1.3 NOTE
r-release-macos-x86_64 1.3 NOTE
r-release-windows-ix86+x86_64 1.3 768.00 165.00 933.00 NOTE
r-oldrel-macos-x86_64 1.3 NOTE
r-oldrel-windows-ix86+x86_64 1.3 778.00 230.00 1008.00 NOTE

Check Details

Version: 1.3
Check: for GNU extensions in Makefiles
Result: NOTE
    GNU make is a SystemRequirements.
Flavors: r-devel-linux-x86_64-debian-clang, r-devel-linux-x86_64-debian-gcc, r-devel-linux-x86_64-fedora-clang, r-devel-linux-x86_64-fedora-gcc, r-devel-windows-x86_64-new-UL, r-devel-windows-x86_64-new-TK, r-devel-windows-x86_64-old, r-patched-linux-x86_64, r-patched-solaris-x86, r-release-linux-x86_64, r-release-macos-arm64, r-release-macos-x86_64, r-release-windows-ix86+x86_64, r-oldrel-macos-x86_64, r-oldrel-windows-ix86+x86_64

Version: 1.3
Check: installed package size
Result: NOTE
     installed size is 43.6Mb
     sub-directories of 1Mb or more:
     libs 42.9Mb
Flavors: r-devel-linux-x86_64-fedora-clang, r-release-macos-arm64, r-release-macos-x86_64, r-release-windows-ix86+x86_64, r-oldrel-macos-x86_64, r-oldrel-windows-ix86+x86_64

Version: 1.3
Check: line endings in C/C++/Fortran sources/headers
Result: NOTE
    Found the following sources/headers with CR or CRLF line endings:
     src/stan_files/powerp.hpp
     src/stan_files/powerps.hpp
     src/stan_files/powerpsbinary.hpp
    Some Unix compilers require LF line endings.
Flavor: r-devel-windows-x86_64-new-TK