CRAN Package Check Results for Package pspline

Last updated on 2021-09-25 01:50:28 CEST.

Flavor Version Tinstall Tcheck Ttotal Status Flags
r-devel-linux-x86_64-debian-clang 1.0-18 3.53 22.02 25.55 NOTE
r-devel-linux-x86_64-debian-gcc 1.0-18 2.74 17.55 20.29 NOTE
r-devel-linux-x86_64-fedora-clang 1.0-18 40.39 NOTE
r-devel-linux-x86_64-fedora-gcc 1.0-18 29.93 NOTE
r-devel-windows-x86_64 1.0-18 6.00 32.00 38.00 OK
r-devel-windows-x86_64-gcc10-UCRT 1.0-18 OK
r-patched-linux-x86_64 1.0-18 3.68 21.41 25.09 NOTE
r-patched-solaris-x86 1.0-18 47.20 OK
r-release-linux-x86_64 1.0-18 3.60 21.31 24.91 NOTE
r-release-macos-arm64 1.0-18 OK
r-release-macos-x86_64 1.0-18 OK
r-release-windows-ix86+x86_64 1.0-18 10.00 35.00 45.00 OK
r-oldrel-macos-x86_64 1.0-18 OK
r-oldrel-windows-ix86+x86_64 1.0-18 9.00 33.00 42.00 OK

Check Details

Version: 1.0-18
Check: top-level files
Result: NOTE
    Non-standard file/directory found at top level:
     'orig'
Flavors: r-devel-linux-x86_64-debian-clang, r-devel-linux-x86_64-debian-gcc, r-devel-linux-x86_64-fedora-clang, r-devel-linux-x86_64-fedora-gcc, r-patched-linux-x86_64, r-release-linux-x86_64