CRAN Package Check Results for Package psgp

Last updated on 2021-06-21 19:48:59 CEST.

Flavor Version Tinstall Tcheck Ttotal Status Flags
r-devel-linux-x86_64-debian-clang 0.3-19 283.09 68.79 351.88 OK
r-devel-linux-x86_64-debian-gcc 0.3-19 184.37 52.01 236.38 OK
r-devel-linux-x86_64-fedora-clang 0.3-19 507.15 NOTE
r-devel-linux-x86_64-fedora-gcc 0.3-19 441.42 OK
r-devel-windows-x86_64 0.3-19 342.00 85.00 427.00 OK
r-devel-windows-x86_64-gcc10-UCRT 0.3-19 OK
r-patched-linux-x86_64 0.3-19 221.99 65.76 287.75 OK
r-patched-solaris-x86 0.3-19 408.80 OK
r-release-linux-x86_64 0.3-19 218.79 65.15 283.94 OK
r-release-macos-arm64 0.3-19 NOTE
r-release-macos-x86_64 0.3-19 NOTE
r-release-windows-ix86+x86_64 0.3-19 667.00 137.00 804.00 OK
r-oldrel-macos-x86_64 0.3-19 NOTE

Check Details

Version: 0.3-19
Check: installed package size
Result: NOTE
     installed size is 7.9Mb
     sub-directories of 1Mb or more:
     libs 7.8Mb
Flavors: r-devel-linux-x86_64-fedora-clang, r-release-macos-arm64, r-release-macos-x86_64, r-oldrel-macos-x86_64