CRAN Package Check Results for Package prozor

Last updated on 2021-09-20 19:53:02 CEST.

Flavor Version Tinstall Tcheck Ttotal Status Flags
r-devel-linux-x86_64-debian-clang 0.2.11 10.60 417.87 428.47 NOTE
r-devel-linux-x86_64-debian-gcc 0.2.11 8.47 304.47 312.94 NOTE
r-devel-linux-x86_64-fedora-clang 0.2.11 521.01 NOTE
r-devel-linux-x86_64-fedora-gcc 0.2.11 456.08 NOTE
r-devel-windows-x86_64 0.2.11 13.00 387.00 400.00 NOTE
r-devel-windows-x86_64-gcc10-UCRT 0.2.11 ERROR
r-patched-linux-x86_64 0.2.11 9.28 390.93 400.21 NOTE
r-patched-solaris-x86 0.2.11 154.70 NOTE
r-release-linux-x86_64 0.2.11 8.31 384.71 393.02 NOTE
r-release-macos-arm64 0.2.11 NOTE
r-release-macos-x86_64 0.2.11 NOTE
r-release-windows-ix86+x86_64 0.2.11 21.00 388.00 409.00 NOTE
r-oldrel-macos-x86_64 0.2.11 NOTE
r-oldrel-windows-ix86+x86_64 0.2.11 20.00 373.00 393.00 NOTE

Check Details

Version: 0.2.11
Check: package vignettes
Result: NOTE
    Package vignette with placeholder title 'Vignette Title':
     'TargetDecoyFDR_Example.Rmd'
Flavors: r-devel-linux-x86_64-debian-clang, r-devel-linux-x86_64-debian-gcc, r-devel-windows-x86_64, r-patched-linux-x86_64, r-release-linux-x86_64, r-release-windows-ix86+x86_64, r-oldrel-windows-ix86+x86_64

Version: 0.2.11
Check: installed package size
Result: NOTE
     installed size is 5.6Mb
     sub-directories of 1Mb or more:
     data 1.7Mb
     extdata 2.3Mb
Flavors: r-devel-linux-x86_64-fedora-clang, r-devel-windows-x86_64, r-patched-solaris-x86, r-release-macos-arm64, r-release-macos-x86_64, r-release-windows-ix86+x86_64, r-oldrel-macos-x86_64, r-oldrel-windows-ix86+x86_64

Version: 0.2.11
Check: dependencies in R code
Result: NOTE
    Namespaces in Imports field not imported from:
     ‘dplyr’ ‘readr’
     All declared Imports should be used.
Flavors: r-devel-linux-x86_64-fedora-clang, r-devel-linux-x86_64-fedora-gcc, r-devel-windows-x86_64-gcc10-UCRT, r-patched-solaris-x86, r-release-macos-arm64, r-release-macos-x86_64, r-oldrel-macos-x86_64

Version: 0.2.11
Check: whether package can be installed
Result: WARN
    Found the following significant warnings:
     WARNING: installation-time patches will not be applied, could not get the patches index
Flavor: r-devel-windows-x86_64-gcc10-UCRT

Version: 0.2.11
Check: PDF version of manual
Result: WARN
    LaTeX errors when creating PDF version.
    This typically indicates Rd problems.
Flavor: r-devel-windows-x86_64-gcc10-UCRT

Version: 0.2.11
Check: PDF version of manual without hyperrefs or index
Result: ERROR
    Re-running with no redirection of stdout/stderr.
Flavor: r-devel-windows-x86_64-gcc10-UCRT