CRAN Package Check Results for Package proxyC

Last updated on 2023-06-02 12:57:23 CEST.

Flavor Version Tinstall Tcheck Ttotal Status Flags
r-devel-linux-x86_64-debian-clang 0.3.3 62.46 81.21 143.67 NOTE
r-devel-linux-x86_64-debian-gcc 0.3.3 51.66 63.37 115.03 NOTE
r-devel-linux-x86_64-fedora-clang 0.3.3 204.82 NOTE
r-devel-linux-x86_64-fedora-gcc 0.3.3 215.35 NOTE
r-devel-windows-x86_64 0.3.3 52.00 100.00 152.00 NOTE
r-patched-linux-x86_64 0.3.3 NOTE
r-release-linux-x86_64 0.3.3 59.44 79.12 138.56 NOTE
r-release-macos-arm64 0.3.3 62.00 NOTE
r-release-macos-x86_64 0.3.3 104.00 NOTE
r-release-windows-x86_64 0.3.3 71.00 116.00 187.00 NOTE
r-oldrel-macos-arm64 0.3.3 64.00 OK
r-oldrel-macos-x86_64 0.3.3 72.00 OK
r-oldrel-windows-x86_64 0.3.3 69.00 115.00 184.00 OK

Check Details

Version: 0.3.3
Check: C++ specification
Result: NOTE
     Specified C++11: please drop specification unless essential
Flavors: r-devel-linux-x86_64-debian-clang, r-devel-linux-x86_64-debian-gcc, r-devel-linux-x86_64-fedora-clang, r-devel-linux-x86_64-fedora-gcc, r-devel-windows-x86_64, r-patched-linux-x86_64, r-release-linux-x86_64, r-release-macos-arm64, r-release-macos-x86_64, r-release-windows-x86_64