CRAN Package Check Results for Package proxy

Last updated on 2021-09-23 13:54:59 CEST.

Flavor Version Tinstall Tcheck Ttotal Status Flags
r-devel-linux-x86_64-debian-clang 0.4-26 5.78 37.68 43.46 OK
r-devel-linux-x86_64-debian-gcc 0.4-26 3.73 29.31 33.04 OK
r-devel-linux-x86_64-fedora-clang 0.4-26 61.20 OK
r-devel-linux-x86_64-fedora-gcc 0.4-26 50.71 OK
r-devel-windows-x86_64 0.4-26 9.00 46.00 55.00 OK
r-devel-windows-x86_64-gcc10-UCRT 0.4-26 ERROR
r-patched-linux-x86_64 0.4-26 5.27 35.99 41.26 OK
r-patched-solaris-x86 0.4-26 70.10 OK
r-release-linux-x86_64 0.4-26 4.83 36.10 40.93 OK
r-release-macos-arm64 0.4-26 OK
r-release-macos-x86_64 0.4-26 OK
r-release-windows-ix86+x86_64 0.4-26 16.00 53.00 69.00 OK
r-oldrel-macos-x86_64 0.4-26 OK
r-oldrel-windows-ix86+x86_64 0.4-26 39.00 55.00 94.00 OK

Check Details

Version: 0.4-26
Check: whether package can be installed
Result: ERROR
    Installation failed.
Flavor: r-devel-windows-x86_64-gcc10-UCRT