CRAN Package Check Results for Package provDebugR

Last updated on 2021-08-01 13:49:47 CEST.

Flavor Version Tinstall Tcheck Ttotal Status Flags
r-devel-linux-x86_64-debian-clang 1.0.1 4.19 56.85 61.04 NOTE
r-devel-linux-x86_64-debian-gcc 1.0.1 3.16 41.48 44.64 NOTE
r-devel-linux-x86_64-fedora-clang 1.0.1 81.12 NOTE
r-devel-linux-x86_64-fedora-gcc 1.0.1 69.39 NOTE
r-devel-windows-x86_64 1.0.1 6.00 77.00 83.00 NOTE
r-devel-windows-x86_64-gcc10-UCRT 1.0.1 NOTE
r-patched-linux-x86_64 1.0.1 NOTE
r-patched-solaris-x86 1.0.1 96.90 NOTE
r-release-linux-x86_64 1.0.1 3.77 53.10 56.87 NOTE
r-release-macos-arm64 1.0.1 NOTE
r-release-macos-x86_64 1.0.1 NOTE
r-release-windows-ix86+x86_64 1.0.1 7.00 73.00 80.00 NOTE
r-oldrel-macos-x86_64 1.0.1 NOTE
r-oldrel-windows-ix86+x86_64 1.0.1 6.00 76.00 82.00 NOTE

Check Details

Version: 1.0.1
Check: package dependencies
Result: NOTE
    Package suggested but not available for checking: 'rdt'
Flavors: r-devel-linux-x86_64-debian-clang, r-devel-linux-x86_64-debian-gcc, r-devel-linux-x86_64-fedora-clang, r-devel-linux-x86_64-fedora-gcc, r-devel-windows-x86_64, r-devel-windows-x86_64-gcc10-UCRT, r-patched-linux-x86_64, r-patched-solaris-x86, r-release-linux-x86_64, r-release-macos-arm64, r-release-macos-x86_64, r-release-windows-ix86+x86_64, r-oldrel-macos-x86_64, r-oldrel-windows-ix86+x86_64