CRAN Package Check Results for Package profile

Last updated on 2021-09-18 13:53:46 CEST.

Flavor Version Tinstall Tcheck Ttotal Status Flags
r-devel-linux-x86_64-debian-clang 1.0.2 3.50 43.73 47.23 NOTE
r-devel-linux-x86_64-debian-gcc 1.0.2 2.51 32.49 35.00 NOTE
r-devel-linux-x86_64-fedora-clang 1.0.2 63.87 NOTE
r-devel-linux-x86_64-fedora-gcc 1.0.2 51.90 NOTE
r-devel-windows-x86_64 1.0.2 6.00 60.00 66.00 NOTE
r-devel-windows-x86_64-gcc10-UCRT 1.0.2 NOTE
r-patched-linux-x86_64 1.0.2 7.36 40.13 47.49 NOTE
r-patched-solaris-x86 1.0.2 70.40 NOTE
r-release-linux-x86_64 1.0.2 3.37 40.27 43.64 NOTE
r-release-macos-arm64 1.0.2 NOTE
r-release-macos-x86_64 1.0.2 NOTE
r-release-windows-ix86+x86_64 1.0.2 9.00 45.00 54.00 NOTE
r-oldrel-macos-x86_64 1.0.2 NOTE
r-oldrel-windows-ix86+x86_64 1.0.2 9.00 44.00 53.00 OK

Check Details

Version: 1.0.2
Check: LazyData
Result: NOTE
     'LazyData' is specified without a 'data' directory
Flavors: r-devel-linux-x86_64-debian-clang, r-devel-linux-x86_64-debian-gcc, r-devel-linux-x86_64-fedora-clang, r-devel-linux-x86_64-fedora-gcc, r-devel-windows-x86_64, r-devel-windows-x86_64-gcc10-UCRT, r-patched-linux-x86_64, r-patched-solaris-x86, r-release-linux-x86_64, r-release-macos-arm64, r-release-macos-x86_64, r-release-windows-ix86+x86_64

Version: 1.0.2
Check: package dependencies
Result: NOTE
    Package suggested but not available for checking: ‘dm’
Flavor: r-oldrel-macos-x86_64

Version: 1.0.2
Check: Rd cross-references
Result: NOTE
    Package unavailable to check Rd xrefs: ‘dm’
Flavor: r-oldrel-macos-x86_64