CRAN Package Check Results for Package processmapR

Last updated on 2021-06-23 07:50:28 CEST.

Flavor Version Tinstall Tcheck Ttotal Status Flags
r-devel-linux-x86_64-debian-clang 0.3.4 27.68 82.99 110.67 NOTE
r-devel-linux-x86_64-debian-gcc 0.3.4 19.96 61.68 81.64 NOTE
r-devel-linux-x86_64-fedora-clang 0.3.4 144.47 NOTE
r-devel-linux-x86_64-fedora-gcc 0.3.4 128.62 NOTE
r-devel-windows-x86_64 0.3.4 38.00 97.00 135.00 NOTE
r-devel-windows-x86_64-gcc10-UCRT 0.3.4 ERROR
r-patched-linux-x86_64 0.3.4 24.57 77.10 101.67 NOTE
r-patched-solaris-x86 0.3.4 174.50 NOTE
r-release-linux-x86_64 0.3.4 21.57 77.10 98.67 NOTE
r-release-macos-arm64 0.3.4 NOTE
r-release-macos-x86_64 0.3.4 NOTE
r-release-windows-ix86+x86_64 0.3.4 50.00 113.00 163.00 NOTE
r-oldrel-macos-x86_64 0.3.4 OK

Check Details

Version: 0.3.4
Check: LazyData
Result: NOTE
     'LazyData' is specified without a 'data' directory
Flavors: r-devel-linux-x86_64-debian-clang, r-devel-linux-x86_64-debian-gcc, r-devel-linux-x86_64-fedora-clang, r-devel-linux-x86_64-fedora-gcc, r-devel-windows-x86_64, r-patched-linux-x86_64, r-patched-solaris-x86, r-release-linux-x86_64, r-release-macos-arm64, r-release-macos-x86_64, r-release-windows-ix86+x86_64

Version: 0.3.4
Check: package dependencies
Result: NOTE
    Imports includes 21 non-default packages.
    Importing from so many packages makes the package vulnerable to any of
    them becoming unavailable. Move as many as possible to Suggests and
    use conditionally.
Flavor: r-devel-linux-x86_64-fedora-clang

Version: 0.3.4
Check: package dependencies
Result: ERROR
    Package required but not available: 'plotly'
    
    See section 'The DESCRIPTION file' in the 'Writing R Extensions'
    manual.
Flavor: r-devel-windows-x86_64-gcc10-UCRT