CRAN Package Check Results for Package processanimateR

Last updated on 2021-06-14 07:48:46 CEST.

Flavor Version Tinstall Tcheck Ttotal Status Flags
r-devel-linux-x86_64-debian-clang 1.0.3 8.99 119.67 128.66 OK
r-devel-linux-x86_64-debian-gcc 1.0.3 7.32 85.83 93.15 OK
r-devel-linux-x86_64-fedora-clang 1.0.3 156.39 NOTE
r-devel-linux-x86_64-fedora-gcc 1.0.3 143.44 OK
r-devel-windows-x86_64 1.0.3 17.00 143.00 160.00 NOTE
r-devel-windows-x86_64-gcc10-UCRT 1.0.3 OK
r-patched-linux-x86_64 1.0.3 12.74 107.85 120.59 OK
r-patched-solaris-x86 1.0.3 194.20 WARN
r-release-linux-x86_64 1.0.3 8.77 108.00 116.77 OK
r-release-macos-arm64 1.0.3 WARN
r-release-macos-x86_64 1.0.3 WARN
r-release-windows-ix86+x86_64 1.0.3 25.00 135.00 160.00 NOTE
r-oldrel-macos-x86_64 1.0.3 WARN
r-oldrel-windows-ix86+x86_64 1.0.3 25.00 147.00 172.00 NOTE

Check Details

Version: 1.0.3
Check: installed package size
Result: NOTE
     installed size is 11.6Mb
     sub-directories of 1Mb or more:
     doc 8.8Mb
     htmlwidgets 2.6Mb
Flavors: r-devel-linux-x86_64-fedora-clang, r-devel-windows-x86_64, r-patched-solaris-x86, r-release-macos-arm64, r-release-macos-x86_64, r-release-windows-ix86+x86_64, r-oldrel-macos-x86_64, r-oldrel-windows-ix86+x86_64

Version: 1.0.3
Check: re-building of vignette outputs
Result: WARN
    Error(s) in re-building vignettes:
     ...
    --- re-building ‘use-external-data-to-change-tokens.Rmd’ using rmarkdown
    Warning in engine$weave(file, quiet = quiet, encoding = enc) :
     Pandoc (>= 1.12.3) not available. Falling back to R Markdown v1.
    
    Attaching package: 'dplyr'
    
    The following objects are masked from 'package:stats':
    
     filter, lag
    
    The following objects are masked from 'package:base':
    
     intersect, setdiff, setequal, union
    
    
    Attaching package: 'bupaR'
    
    The following object is masked from 'package:stats':
    
     filter
    
    The following object is masked from 'package:utils':
    
     timestamp
    
    Quitting from lines 23-49 (use-external-data-to-change-tokens.Rmd)
    Error: processing vignette 'use-external-data-to-change-tokens.Rmd' failed with diagnostics:
    there is no package called 'webshot'
    --- failed re-building ‘use-external-data-to-change-tokens.Rmd’
    
    --- re-building ‘use-shiny-selections.Rmd’ using rmarkdown
    Warning in engine$weave(file, quiet = quiet, encoding = enc) :
     Pandoc (>= 1.12.3) not available. Falling back to R Markdown v1.
    --- finished re-building ‘use-shiny-selections.Rmd’
    
    --- re-building ‘use-timestamp-change-token-aes.Rmd’ using rmarkdown
    Warning in engine$weave(file, quiet = quiet, encoding = enc) :
     Pandoc (>= 1.12.3) not available. Falling back to R Markdown v1.
    
    Attaching package: 'dplyr'
    
    The following objects are masked from 'package:stats':
    
     filter, lag
    
    The following objects are masked from 'package:base':
    
     intersect, setdiff, setequal, union
    
    
    Attaching package: 'lubridate'
    
    The following objects are masked from 'package:base':
    
     date, intersect, setdiff, union
    
    
    Attaching package: 'bupaR'
    
    The following object is masked from 'package:stats':
    
     filter
    
    The following object is masked from 'package:utils':
    
     timestamp
    
    Quitting from lines 59-72 (use-timestamp-change-token-aes.Rmd)
    Error: processing vignette 'use-timestamp-change-token-aes.Rmd' failed with diagnostics:
    there is no package called 'webshot'
    --- failed re-building ‘use-timestamp-change-token-aes.Rmd’
    
    --- re-building ‘use-token_scales.Rmd’ using rmarkdown
    Warning in engine$weave(file, quiet = quiet, encoding = enc) :
     Pandoc (>= 1.12.3) not available. Falling back to R Markdown v1.
    Quitting from lines 23-31 (use-token_scales.Rmd)
    Error: processing vignette 'use-token_scales.Rmd' failed with diagnostics:
    there is no package called 'webshot'
    --- failed re-building ‘use-token_scales.Rmd’
    
    --- re-building ‘use-with-shiny.Rmd’ using rmarkdown
    Warning in engine$weave(file, quiet = quiet, encoding = enc) :
     Pandoc (>= 1.12.3) not available. Falling back to R Markdown v1.
    --- finished re-building ‘use-with-shiny.Rmd’
    
    SUMMARY: processing the following files failed:
     ‘use-external-data-to-change-tokens.Rmd’
     ‘use-timestamp-change-token-aes.Rmd’ ‘use-token_scales.Rmd’
    
    Error: Vignette re-building failed.
    Execution halted
Flavor: r-patched-solaris-x86

Version: 1.0.3
Check: re-building of vignette outputs
Result: WARN
    Error(s) in re-building vignettes:
    --- re-building ‘use-external-data-to-change-tokens.Rmd’ using rmarkdown
    Warning in engine$weave(file, quiet = quiet, encoding = enc) :
     Pandoc (>= 1.12.3) not available. Falling back to R Markdown v1.
    
    Attaching package: 'dplyr'
    
    The following objects are masked from 'package:stats':
    
     filter, lag
    
    The following objects are masked from 'package:base':
    
     intersect, setdiff, setequal, union
    
    
    Attaching package: 'bupaR'
    
    The following object is masked from 'package:stats':
    
     filter
    
    The following object is masked from 'package:utils':
    
     timestamp
    
    PhantomJS not found. You can install it with webshot::install_phantomjs(). If it is installed, please make sure the phantomjs executable can be found via the PATH variable.
    PhantomJS not found. You can install it with webshot::install_phantomjs(). If it is installed, please make sure the phantomjs executable can be found via the PATH variable.
    Quitting from lines 23-49 (use-external-data-to-change-tokens.Rmd)
    Error: processing vignette 'use-external-data-to-change-tokens.Rmd' failed with diagnostics:
    invalid 'path' argument
    --- failed re-building ‘use-external-data-to-change-tokens.Rmd’
    
    --- re-building ‘use-shiny-selections.Rmd’ using rmarkdown
    Warning in engine$weave(file, quiet = quiet, encoding = enc) :
     Pandoc (>= 1.12.3) not available. Falling back to R Markdown v1.
    --- finished re-building ‘use-shiny-selections.Rmd’
    
    --- re-building ‘use-timestamp-change-token-aes.Rmd’ using rmarkdown
    Warning in engine$weave(file, quiet = quiet, encoding = enc) :
     Pandoc (>= 1.12.3) not available. Falling back to R Markdown v1.
    
    Attaching package: 'dplyr'
    
    The following objects are masked from 'package:stats':
    
     filter, lag
    
    The following objects are masked from 'package:base':
    
     intersect, setdiff, setequal, union
    
    
    Attaching package: 'lubridate'
    
    The following objects are masked from 'package:base':
    
     date, intersect, setdiff, union
    
    
    Attaching package: 'bupaR'
    
    The following object is masked from 'package:stats':
    
     filter
    
    The following object is masked from 'package:utils':
    
     timestamp
    
    PhantomJS not found. You can install it with webshot::install_phantomjs(). If it is installed, please make sure the phantomjs executable can be found via the PATH variable.
    PhantomJS not found. You can install it with webshot::install_phantomjs(). If it is installed, please make sure the phantomjs executable can be found via the PATH variable.
    Quitting from lines 59-72 (use-timestamp-change-token-aes.Rmd)
    Error: processing vignette 'use-timestamp-change-token-aes.Rmd' failed with diagnostics:
    invalid 'path' argument
    --- failed re-building ‘use-timestamp-change-token-aes.Rmd’
    
    --- re-building ‘use-token_scales.Rmd’ using rmarkdown
    Warning in engine$weave(file, quiet = quiet, encoding = enc) :
     Pandoc (>= 1.12.3) not available. Falling back to R Markdown v1.
    PhantomJS not found. You can install it with webshot::install_phantomjs(). If it is installed, please make sure the phantomjs executable can be found via the PATH variable.
    PhantomJS not found. You can install it with webshot::install_phantomjs(). If it is installed, please make sure the phantomjs executable can be found via the PATH variable.
    Quitting from lines 23-31 (use-token_scales.Rmd)
    Error: processing vignette 'use-token_scales.Rmd' failed with diagnostics:
    invalid 'path' argument
    --- failed re-building ‘use-token_scales.Rmd’
    
    --- re-building ‘use-with-shiny.Rmd’ using rmarkdown
    Warning in engine$weave(file, quiet = quiet, encoding = enc) :
     Pandoc (>= 1.12.3) not available. Falling back to R Markdown v1.
    --- finished re-building ‘use-with-shiny.Rmd’
    
    SUMMARY: processing the following files failed:
     ‘use-external-data-to-change-tokens.Rmd’
     ‘use-timestamp-change-token-aes.Rmd’ ‘use-token_scales.Rmd’
    
    Error: Vignette re-building failed.
    Execution halted
Flavors: r-release-macos-arm64, r-release-macos-x86_64

Version: 1.0.3
Check: re-building of vignette outputs
Result: WARN
    Error(s) in re-building vignettes:
    --- re-building ‘use-external-data-to-change-tokens.Rmd’ using rmarkdown
    Warning in engine$weave(file, quiet = quiet, encoding = enc) :
     Pandoc (>= 1.12.3) and/or pandoc-citeproc not available. Falling back to R Markdown v1.
    
    Attaching package: 'dplyr'
    
    The following objects are masked from 'package:stats':
    
     filter, lag
    
    The following objects are masked from 'package:base':
    
     intersect, setdiff, setequal, union
    
    
    Attaching package: 'bupaR'
    
    The following object is masked from 'package:stats':
    
     filter
    
    The following object is masked from 'package:utils':
    
     timestamp
    
    PhantomJS not found. You can install it with webshot::install_phantomjs(). If it is installed, please make sure the phantomjs executable can be found via the PATH variable.
    Quitting from lines 23-49 (use-external-data-to-change-tokens.Rmd)
    Error: processing vignette 'use-external-data-to-change-tokens.Rmd' failed with diagnostics:
    cannot open the connection
    --- failed re-building ‘use-external-data-to-change-tokens.Rmd’
    
    --- re-building ‘use-shiny-selections.Rmd’ using rmarkdown
    Warning in engine$weave(file, quiet = quiet, encoding = enc) :
     Pandoc (>= 1.12.3) and/or pandoc-citeproc not available. Falling back to R Markdown v1.
    --- finished re-building ‘use-shiny-selections.Rmd’
    
    --- re-building ‘use-timestamp-change-token-aes.Rmd’ using rmarkdown
    Warning in engine$weave(file, quiet = quiet, encoding = enc) :
     Pandoc (>= 1.12.3) and/or pandoc-citeproc not available. Falling back to R Markdown v1.
    
    Attaching package: 'dplyr'
    
    The following objects are masked from 'package:stats':
    
     filter, lag
    
    The following objects are masked from 'package:base':
    
     intersect, setdiff, setequal, union
    
    
    Attaching package: 'lubridate'
    
    The following objects are masked from 'package:base':
    
     date, intersect, setdiff, union
    
    
    Attaching package: 'bupaR'
    
    The following object is masked from 'package:stats':
    
     filter
    
    The following object is masked from 'package:utils':
    
     timestamp
    
    PhantomJS not found. You can install it with webshot::install_phantomjs(). If it is installed, please make sure the phantomjs executable can be found via the PATH variable.
    Quitting from lines 59-72 (use-timestamp-change-token-aes.Rmd)
    Error: processing vignette 'use-timestamp-change-token-aes.Rmd' failed with diagnostics:
    cannot open the connection
    --- failed re-building ‘use-timestamp-change-token-aes.Rmd’
    
    --- re-building ‘use-token_scales.Rmd’ using rmarkdown
    Warning in engine$weave(file, quiet = quiet, encoding = enc) :
     Pandoc (>= 1.12.3) and/or pandoc-citeproc not available. Falling back to R Markdown v1.
    PhantomJS not found. You can install it with webshot::install_phantomjs(). If it is installed, please make sure the phantomjs executable can be found via the PATH variable.
    Quitting from lines 23-31 (use-token_scales.Rmd)
    Error: processing vignette 'use-token_scales.Rmd' failed with diagnostics:
    cannot open the connection
    --- failed re-building ‘use-token_scales.Rmd’
    
    --- re-building ‘use-with-shiny.Rmd’ using rmarkdown
    Warning in engine$weave(file, quiet = quiet, encoding = enc) :
     Pandoc (>= 1.12.3) and/or pandoc-citeproc not available. Falling back to R Markdown v1.
    --- finished re-building ‘use-with-shiny.Rmd’
    
    SUMMARY: processing the following files failed:
     ‘use-external-data-to-change-tokens.Rmd’
     ‘use-timestamp-change-token-aes.Rmd’ ‘use-token_scales.Rmd’
    
    Error: Vignette re-building failed.
    Execution halted
Flavor: r-oldrel-macos-x86_64