CRAN Package Check Results for Package prisonbrief

Last updated on 2021-07-23 13:52:54 CEST.

Flavor Version Tinstall Tcheck Ttotal Status Flags
r-devel-linux-x86_64-debian-clang 0.1.2 8.11 63.88 71.99 OK
r-devel-linux-x86_64-debian-gcc 0.1.2 6.39 48.48 54.87 OK
r-devel-linux-x86_64-fedora-clang 0.1.2 94.18 NOTE
r-devel-linux-x86_64-fedora-gcc 0.1.2 84.36 NOTE
r-devel-windows-x86_64 0.1.2 8.00 57.00 65.00 OK
r-devel-windows-x86_64-gcc10-UCRT 0.1.2 NOTE
r-patched-linux-x86_64 0.1.2 7.11 59.52 66.63 OK
r-patched-solaris-x86 0.1.2 133.90 NOTE
r-release-linux-x86_64 0.1.2 7.63 60.39 68.02 OK
r-release-macos-arm64 0.1.2 NOTE
r-release-macos-x86_64 0.1.2 NOTE
r-release-windows-ix86+x86_64 0.1.2 17.00 64.00 81.00 OK
r-oldrel-macos-x86_64 0.1.2 NOTE
r-oldrel-windows-ix86+x86_64 0.1.2 19.00 79.00 98.00 OK

Check Details

Version: 0.1.2
Check: data for non-ASCII characters
Result: NOTE
     Note: found 2 marked UTF-8 strings
Flavors: r-devel-linux-x86_64-fedora-clang, r-devel-linux-x86_64-fedora-gcc, r-devel-windows-x86_64-gcc10-UCRT, r-patched-solaris-x86, r-release-macos-arm64, r-release-macos-x86_64, r-oldrel-macos-x86_64