CRAN Package Check Results for Package prettyB

Last updated on 2021-11-26 19:53:00 CET.

Flavor Version Tinstall Tcheck Ttotal Status Flags
r-devel-linux-x86_64-debian-clang 0.2.2 3.11 30.86 33.97 NOTE
r-devel-linux-x86_64-debian-gcc 0.2.2 2.43 24.35 26.78 NOTE
r-devel-linux-x86_64-fedora-clang 0.2.2 53.45 NOTE
r-devel-linux-x86_64-fedora-gcc 0.2.2 41.91 NOTE
r-devel-windows-x86_64-new-UL 0.2.2 9.00 69.00 78.00 NOTE
r-devel-windows-x86_64-new-TK 0.2.2 NOTE
r-devel-windows-x86_64-old 0.2.2 5.00 50.00 55.00 NOTE
r-patched-linux-x86_64 0.2.2 3.29 29.54 32.83 NOTE
r-patched-solaris-x86 0.2.2 56.40 NOTE
r-release-linux-x86_64 0.2.2 NOTE
r-release-macos-arm64 0.2.2 NOTE
r-release-macos-x86_64 0.2.2 NOTE
r-release-windows-ix86+x86_64 0.2.2 6.00 36.00 42.00 NOTE
r-oldrel-macos-x86_64 0.2.2 OK
r-oldrel-windows-ix86+x86_64 0.2.2 5.00 47.00 52.00 OK

Check Details

Version: 0.2.2
Check: LazyData
Result: NOTE
     'LazyData' is specified without a 'data' directory
Flavors: r-devel-linux-x86_64-debian-clang, r-devel-linux-x86_64-debian-gcc, r-devel-linux-x86_64-fedora-clang, r-devel-linux-x86_64-fedora-gcc, r-devel-windows-x86_64-new-UL, r-devel-windows-x86_64-new-TK, r-devel-windows-x86_64-old, r-patched-linux-x86_64, r-patched-solaris-x86, r-release-linux-x86_64, r-release-macos-arm64, r-release-macos-x86_64, r-release-windows-ix86+x86_64