CRAN Package Check Results for Package prettifyAddins

Last updated on 2021-06-20 13:49:06 CEST.

Flavor Version Tinstall Tcheck Ttotal Status Flags
r-devel-linux-x86_64-debian-clang 2.0.3 6.43 49.97 56.40 NOTE
r-devel-linux-x86_64-debian-gcc 2.0.3 4.31 39.00 43.31 NOTE
r-devel-linux-x86_64-fedora-clang 2.0.3 75.24 NOTE
r-devel-linux-x86_64-fedora-gcc 2.0.3 66.00 NOTE
r-devel-windows-x86_64 2.0.3 10.00 75.00 85.00 NOTE
r-devel-windows-x86_64-gcc10-UCRT 2.0.3 ERROR
r-patched-linux-x86_64 2.0.3 5.16 48.78 53.94 NOTE
r-patched-solaris-x86 2.0.3 106.00 NOTE
r-release-linux-x86_64 2.0.3 6.09 49.09 55.18 NOTE
r-release-macos-arm64 2.0.3 NOTE
r-release-macos-x86_64 2.0.3 NOTE
r-release-windows-ix86+x86_64 2.0.3 15.00 71.00 86.00 NOTE
r-oldrel-macos-x86_64 2.0.3 OK
r-oldrel-windows-ix86+x86_64 2.0.3 10.00 73.00 83.00 OK

Check Details

Version: 2.0.3
Check: LazyData
Result: NOTE
     'LazyData' is specified without a 'data' directory
Flavors: r-devel-linux-x86_64-debian-clang, r-devel-linux-x86_64-debian-gcc, r-devel-linux-x86_64-fedora-clang, r-devel-linux-x86_64-fedora-gcc, r-devel-windows-x86_64, r-patched-linux-x86_64, r-patched-solaris-x86, r-release-linux-x86_64, r-release-macos-arm64, r-release-macos-x86_64, r-release-windows-ix86+x86_64

Version: 2.0.3
Check: package dependencies
Result: ERROR
    Packages required but not available: 'webdriver', 'httr'
    
    Package suggested but not available for checking: 'V8'
    
    See section 'The DESCRIPTION file' in the 'Writing R Extensions'
    manual.
Flavor: r-devel-windows-x86_64-gcc10-UCRT