CRAN Package Check Results for Package preputils

Last updated on 2022-06-28 21:51:29 CEST.

Flavor Version Tinstall Tcheck Ttotal Status Flags
r-devel-linux-x86_64-debian-clang 1.0.3 2.94 29.82 32.76 NOTE
r-devel-linux-x86_64-debian-gcc 1.0.3 2.09 22.82 24.91 NOTE
r-devel-linux-x86_64-fedora-clang 1.0.3 49.75 NOTE
r-devel-linux-x86_64-fedora-gcc 1.0.3 48.13 NOTE
r-devel-windows-x86_64 1.0.3 18.00 54.00 72.00 NOTE
r-patched-linux-x86_64 1.0.3 2.61 28.63 31.24 NOTE
r-release-linux-x86_64 1.0.3 2.53 28.51 31.04 NOTE
r-release-macos-arm64 1.0.3 18.00 NOTE
r-release-macos-x86_64 1.0.3 23.00 NOTE
r-release-windows-x86_64 1.0.3 29.00 54.00 83.00 NOTE
r-oldrel-macos-arm64 1.0.3 20.00 NOTE
r-oldrel-macos-x86_64 1.0.3 31.00 NOTE
r-oldrel-windows-ix86+x86_64 1.0.3 7.00 48.00 55.00 NOTE

Check Details

Version: 1.0.3
Check: LazyData
Result: NOTE
     'LazyData' is specified without a 'data' directory
Flavors: r-devel-linux-x86_64-debian-clang, r-devel-linux-x86_64-debian-gcc, r-devel-linux-x86_64-fedora-clang, r-devel-linux-x86_64-fedora-gcc, r-devel-windows-x86_64, r-patched-linux-x86_64, r-release-linux-x86_64, r-release-macos-arm64, r-release-macos-x86_64, r-release-windows-x86_64, r-oldrel-macos-arm64, r-oldrel-macos-x86_64, r-oldrel-windows-ix86+x86_64