CRAN Package Check Results for Package predtoolsTS

Last updated on 2022-10-02 12:56:01 CEST.

Flavor Version Tinstall Tcheck Ttotal Status Flags
r-devel-linux-x86_64-debian-clang 0.1.1 3.94 50.83 54.77 NOTE
r-devel-linux-x86_64-debian-gcc 0.1.1 2.79 37.86 40.65 NOTE
r-devel-linux-x86_64-fedora-clang 0.1.1 78.71 NOTE
r-devel-linux-x86_64-fedora-gcc 0.1.1 75.16 NOTE
r-devel-windows-x86_64 0.1.1 38.00 90.00 128.00 NOTE
r-patched-linux-x86_64 0.1.1 4.00 48.33 52.33 NOTE
r-release-linux-x86_64 0.1.1 3.18 51.60 54.78 NOTE
r-release-macos-arm64 0.1.1 23.00 NOTE
r-release-macos-x86_64 0.1.1 37.00 NOTE
r-release-windows-x86_64 0.1.1 44.00 86.00 130.00 NOTE
r-oldrel-macos-arm64 0.1.1 26.00 NOTE
r-oldrel-macos-x86_64 0.1.1 44.00 NOTE
r-oldrel-windows-ix86+x86_64 0.1.1 10.00 87.00 97.00 NOTE

Check Details

Version: 0.1.1
Check: LazyData
Result: NOTE
     'LazyData' is specified without a 'data' directory
Flavors: r-devel-linux-x86_64-debian-clang, r-devel-linux-x86_64-debian-gcc, r-devel-linux-x86_64-fedora-clang, r-devel-linux-x86_64-fedora-gcc, r-devel-windows-x86_64, r-patched-linux-x86_64, r-release-linux-x86_64, r-release-macos-arm64, r-release-macos-x86_64, r-release-windows-x86_64, r-oldrel-macos-arm64, r-oldrel-macos-x86_64, r-oldrel-windows-ix86+x86_64