CRAN Package Check Results for Package predkmeans

Last updated on 2022-10-01 07:08:05 CEST.

Flavor Version Tinstall Tcheck Ttotal Status Flags
r-devel-linux-x86_64-debian-clang 0.1.1 27.88 45.55 73.43 NOTE
r-devel-linux-x86_64-debian-gcc 0.1.1 22.15 34.26 56.41 NOTE
r-devel-linux-x86_64-fedora-clang 0.1.1 119.02 NOTE
r-devel-linux-x86_64-fedora-gcc 0.1.1 104.07 NOTE
r-devel-windows-x86_64 0.1.1 45.00 92.00 137.00 NOTE
r-patched-linux-x86_64 0.1.1 30.61 44.49 75.10 NOTE
r-release-linux-x86_64 0.1.1 26.19 43.98 70.17 NOTE
r-release-macos-arm64 0.1.1 29.00 NOTE
r-release-macos-x86_64 0.1.1 39.00 NOTE
r-release-windows-x86_64 0.1.1 56.00 91.00 147.00 NOTE
r-oldrel-macos-arm64 0.1.1 35.00 NOTE
r-oldrel-macos-x86_64 0.1.1 50.00 NOTE
r-oldrel-windows-ix86+x86_64 0.1.1 82.00 101.00 183.00 NOTE

Check Details

Version: 0.1.1
Check: LazyData
Result: NOTE
     'LazyData' is specified without a 'data' directory
Flavors: r-devel-linux-x86_64-debian-clang, r-devel-linux-x86_64-debian-gcc, r-devel-linux-x86_64-fedora-clang, r-devel-linux-x86_64-fedora-gcc, r-devel-windows-x86_64, r-patched-linux-x86_64, r-release-linux-x86_64, r-release-macos-arm64, r-release-macos-x86_64, r-release-windows-x86_64, r-oldrel-macos-arm64, r-oldrel-macos-x86_64, r-oldrel-windows-ix86+x86_64