CRAN Package Check Results for Package predictoR

Last updated on 2021-06-19 01:50:29 CEST.

Flavor Version Tinstall Tcheck Ttotal Status Flags
r-devel-linux-x86_64-debian-clang 1.1.9 2.33 21.01 23.34 OK
r-devel-linux-x86_64-debian-gcc 1.1.9 2.06 16.91 18.97 OK
r-devel-linux-x86_64-fedora-clang 1.1.9 38.16 NOTE
r-devel-linux-x86_64-fedora-gcc 1.1.9 27.08 NOTE
r-devel-windows-x86_64 1.1.9 7.00 38.00 45.00 OK
r-devel-windows-x86_64-gcc10-UCRT 1.1.9 NOTE
r-patched-linux-x86_64 1.1.9 2.52 20.52 23.04 OK
r-patched-solaris-x86 1.1.9 43.60 NOTE
r-release-linux-x86_64 1.1.9 2.43 20.54 22.97 OK
r-release-macos-arm64 1.1.9 NOTE
r-release-macos-x86_64 1.1.9 NOTE
r-release-windows-ix86+x86_64 1.1.9 8.00 39.00 47.00 OK
r-oldrel-macos-x86_64 1.1.9 NOTE
r-oldrel-windows-ix86+x86_64 1.1.9 7.00 41.00 48.00 OK

Check Details

Version: 1.1.9
Check: dependencies in R code
Result: NOTE
    Namespaces in Imports field not imported from:
     ‘DT’ ‘ROCR’ ‘adabag’ ‘colourpicker’ ‘e1071’ ‘flexdashboard’ ‘glmnet’
     ‘kknn’ ‘neuralnet’ ‘plyr’ ‘randomForest’ ‘rattle’ ‘rpart’ ‘shinyAce’
     ‘shinyWidgets’ ‘shinydashboardPlus’ ‘shinyjs’ ‘tidyverse’ ‘xgboost’
     All declared Imports should be used.
Flavors: r-devel-linux-x86_64-fedora-clang, r-devel-linux-x86_64-fedora-gcc, r-devel-windows-x86_64-gcc10-UCRT, r-patched-solaris-x86, r-release-macos-arm64, r-release-macos-x86_64, r-oldrel-macos-x86_64