CRAN Package Check Results for Package predReliability

Last updated on 2024-06-17 00:50:07 CEST.

Flavor Version Tinstall Tcheck Ttotal Status Flags
r-devel-linux-x86_64-debian-clang 0.1.0 2.28 22.50 24.78 NOTE
r-devel-linux-x86_64-debian-gcc 0.1.0 1.89 17.75 19.64 NOTE
r-devel-linux-x86_64-fedora-clang 0.1.0 32.82 NOTE
r-devel-linux-x86_64-fedora-gcc 0.1.0 29.78 NOTE
r-devel-windows-x86_64 0.1.0 5.00 38.00 43.00 NOTE
r-patched-linux-x86_64 0.1.0 2.21 22.46 24.67 NOTE
r-release-linux-x86_64 0.1.0 1.80 22.21 24.01 NOTE
r-release-macos-arm64 0.1.0 14.00 NOTE
r-release-macos-x86_64 0.1.0 19.00 NOTE
r-release-windows-x86_64 0.1.0 2.00 40.00 42.00 NOTE
r-oldrel-macos-arm64 0.1.0 15.00 NOTE
r-oldrel-macos-x86_64 0.1.0 20.00 NOTE
r-oldrel-windows-x86_64 0.1.0 3.00 41.00 44.00 NOTE

Check Details

Version: 0.1.0
Check: LazyData
Result: NOTE 'LazyData' is specified without a 'data' directory Flavors: r-devel-linux-x86_64-debian-clang, r-devel-linux-x86_64-debian-gcc, r-devel-linux-x86_64-fedora-clang, r-devel-linux-x86_64-fedora-gcc, r-devel-windows-x86_64, r-patched-linux-x86_64, r-release-linux-x86_64, r-release-macos-arm64, r-release-macos-x86_64, r-release-windows-x86_64, r-oldrel-macos-arm64, r-oldrel-macos-x86_64, r-oldrel-windows-x86_64

Version: 0.1.0
Check: dependencies in R code
Result: NOTE Namespace in Imports field not imported from: ‘rpart’ All declared Imports should be used. Flavors: r-devel-linux-x86_64-fedora-clang, r-devel-linux-x86_64-fedora-gcc