CRAN Package Check Results for Package prclust

Last updated on 2024-02-21 06:53:17 CET.

Flavor Version Tinstall Tcheck Ttotal Status Flags
r-devel-linux-x86_64-debian-clang 1.3 OK
r-devel-linux-x86_64-debian-gcc 1.3 18.49 24.17 42.66 OK
r-devel-linux-x86_64-fedora-clang 1.3 78.89 NOTE
r-devel-linux-x86_64-fedora-gcc 1.3 73.20 NOTE
r-devel-windows-x86_64 1.3 20.00 72.00 92.00 OK
r-patched-linux-x86_64 1.3 24.02 30.63 54.65 OK
r-release-linux-x86_64 1.3 25.18 30.80 55.98 OK
r-release-macos-arm64 1.3 25.00 OK
r-release-macos-x86_64 1.3 39.00 OK
r-release-windows-x86_64 1.3 19.00 71.00 90.00 OK
r-oldrel-macos-arm64 1.3 24.00 OK
r-oldrel-windows-x86_64 1.3 24.00 76.00 100.00 OK

Check Details

Version: 1.3
Check: compiled code
Result: NOTE File ‘prclust/libs/prclust.so’: Found no calls to: ‘R_registerRoutines’, ‘R_useDynamicSymbols’ It is good practice to register native routines and to disable symbol search. See ‘Writing portable packages’ in the ‘Writing R Extensions’ manual. Flavors: r-devel-linux-x86_64-fedora-clang, r-devel-linux-x86_64-fedora-gcc