CRAN Package Check Results for Package postpack

Last updated on 2021-12-07 20:52:48 CET.

Flavor Version Tinstall Tcheck Ttotal Status Flags
r-devel-linux-x86_64-debian-clang 0.5.3 3.10 43.74 46.84 OK
r-devel-linux-x86_64-debian-gcc 0.5.3 2.48 34.73 37.21 OK
r-devel-linux-x86_64-fedora-clang 0.5.3 60.19 NOTE
r-devel-linux-x86_64-fedora-gcc 0.5.3 48.32 OK
r-devel-windows-x86_64-new-UL 0.5.3 11.00 88.00 99.00 OK
r-devel-windows-x86_64-new-TK 0.5.3 OK
r-devel-windows-x86_64-old 0.5.3 7.00 47.00 54.00 OK
r-patched-linux-x86_64 0.5.3 3.57 44.10 47.67 OK
r-release-linux-x86_64 0.5.3 3.36 43.58 46.94 OK
r-release-macos-arm64 0.5.3 NOTE
r-release-macos-x86_64 0.5.3 OK
r-release-windows-ix86+x86_64 0.5.3 5.00 57.00 62.00 OK
r-oldrel-macos-x86_64 0.5.3 OK
r-oldrel-windows-ix86+x86_64 0.5.3 7.00 59.00 66.00 OK

Check Details

Version: 0.5.3
Check: Rd cross-references
Result: NOTE
    Undeclared packages ‘rstan’, ‘R2WinBUGS’, ‘R2jags’, ‘R2OpenBUGS’, ‘nimble’, ‘rjags’, ‘jagsUI’ in Rd xrefs
Flavor: r-devel-linux-x86_64-fedora-clang

Version: 0.5.3
Check: Rd cross-references
Result: NOTE
    Packages unavailable to check Rd xrefs: ‘R2jags’, ‘rjags’, ‘jagsUI’
Flavor: r-release-macos-arm64